CRAN Package Check Results for Package rhmmer

Last updated on 2019-03-20 05:49:18 CET.

Flavor Version Tinstall Tcheck Ttotal Status Flags
r-devel-linux-x86_64-debian-clang 0.1.0 1.51 22.15 23.66 OK
r-devel-linux-x86_64-debian-gcc 0.1.0 1.39 17.84 19.23 OK
r-devel-linux-x86_64-fedora-clang 0.1.0 28.26 NOTE
r-devel-linux-x86_64-fedora-gcc 0.1.0 26.50 NOTE
r-devel-windows-ix86+x86_64 0.1.0 8.00 35.00 43.00 OK
r-patched-linux-x86_64 0.1.0 0.91 20.43 21.34 OK
r-patched-solaris-x86 0.1.0 40.80 NOTE
r-release-linux-x86_64 0.1.0 0.92 20.27 21.19 OK
r-release-windows-ix86+x86_64 0.1.0 3.00 46.00 49.00 OK
r-release-osx-x86_64 0.1.0 NOTE
r-oldrel-windows-ix86+x86_64 0.1.0 5.00 48.00 53.00 OK
r-oldrel-osx-x86_64 0.1.0 NOTE

Check Details

Version: 0.1.0
Check: dependencies in R code
Result: NOTE
    Namespace in Imports field not imported from: ‘dplyr’
     All declared Imports should be used.
Flavors: r-devel-linux-x86_64-fedora-clang, r-devel-linux-x86_64-fedora-gcc, r-patched-solaris-x86, r-release-osx-x86_64, r-oldrel-osx-x86_64