CRAN Package Check Results for Package riverdist

Last updated on 2024-06-13 06:58:16 CEST.

Flavor Version Tinstall Tcheck Ttotal Status Flags
r-devel-linux-x86_64-debian-clang 0.16.3 13.76 172.09 185.85 OK
r-devel-linux-x86_64-debian-gcc 0.16.3 9.07 90.46 99.53 ERROR
r-devel-linux-x86_64-fedora-clang 0.16.3 228.07 OK
r-devel-linux-x86_64-fedora-gcc 0.16.3 227.67 OK
r-devel-windows-x86_64 0.16.3 12.00 138.00 150.00 OK
r-patched-linux-x86_64 0.16.3 15.86 162.97 178.83 OK
r-release-linux-x86_64 0.16.3 11.85 160.14 171.99 OK
r-release-macos-arm64 0.16.3 63.00 OK
r-release-macos-x86_64 0.16.3 97.00 OK
r-release-windows-x86_64 0.16.3 13.00 142.00 155.00 OK
r-oldrel-macos-arm64 0.16.3 70.00 OK
r-oldrel-macos-x86_64 0.16.3 155.00 OK
r-oldrel-windows-x86_64 0.16.3 16.00 166.00 182.00 OK

Check Details

Version: 0.16.3
Check: package dependencies
Result: NOTE Package suggested but not available for checking: ‘testthat’ Flavor: r-devel-linux-x86_64-debian-gcc

Version: 0.16.3
Check: examples
Result: ERROR Running examples in ‘riverdist-Ex.R’ failed The error most likely occurred in: > base::assign(".ptime", proc.time(), pos = "CheckExEnv") > ### Name: line2network > ### Title: Create a River Network Object from a Shapefile > ### Aliases: line2network > > ### ** Examples > > filepath <- system.file("extdata", package="riverdist") > > Gulk_UTM5 <- line2network(path=filepath, layer="Gulk_UTM5") Error in process_cpl_read_ogr(x, quiet, check_ring_dir = check_ring_dir, : package tibble not available: install first? Calls: line2network ... st_read -> st_read.character -> process_cpl_read_ogr Execution halted Flavor: r-devel-linux-x86_64-debian-gcc

Version: 0.16.3
Check: tests
Result: ERROR Running ‘testthat.R’ [0s/1s] Running the tests in ‘tests/testthat.R’ failed. Complete output: > library(testthat) Error in library(testthat) : there is no package called 'testthat' Execution halted Flavor: r-devel-linux-x86_64-debian-gcc