Last updated on 2021-01-15 05:49:03 CET.
Flavor | Version | Tinstall | Tcheck | Ttotal | Status | Flags |
---|---|---|---|---|---|---|
r-devel-linux-x86_64-debian-clang | 1.1 | 6.20 | 48.86 | 55.06 | OK | |
r-devel-linux-x86_64-debian-gcc | 1.1 | 5.74 | 39.04 | 44.78 | OK | |
r-devel-linux-x86_64-fedora-clang | 1.1 | 75.19 | NOTE | |||
r-devel-linux-x86_64-fedora-gcc | 1.1 | 65.19 | OK | |||
r-devel-windows-ix86+x86_64 | 1.1 | 13.00 | 56.00 | 69.00 | NOTE | |
r-patched-linux-x86_64 | 1.1 | 7.45 | 46.89 | 54.34 | OK | |
r-patched-solaris-x86 | 1.1 | 86.80 | NOTE | |||
r-release-linux-x86_64 | 1.1 | 7.04 | 47.52 | 54.56 | OK | |
r-release-macos-x86_64 | 1.1 | NOTE | ||||
r-release-windows-ix86+x86_64 | 1.1 | 10.00 | 46.00 | 56.00 | NOTE | |
r-oldrel-macos-x86_64 | 1.1 | NOTE | ||||
r-oldrel-windows-ix86+x86_64 | 1.1 | 9.00 | 40.00 | 49.00 | NOTE |
Version: 1.1
Check: installed package size
Result: NOTE
installed size is 12.2Mb
sub-directories of 1Mb or more:
java 12.0Mb
Flavors: r-devel-linux-x86_64-fedora-clang, r-devel-windows-ix86+x86_64, r-patched-solaris-x86, r-release-macos-x86_64, r-release-windows-ix86+x86_64, r-oldrel-macos-x86_64, r-oldrel-windows-ix86+x86_64