CRAN Package Check Results for Package rkeops

Last updated on 2020-11-28 05:51:17 CET.

Flavor Version Tinstall Tcheck Ttotal Status Flags
r-devel-linux-x86_64-debian-clang 1.4.1.1 31.20 44.04 75.24 OK
r-devel-linux-x86_64-debian-gcc 1.4.1.1 21.76 32.08 53.84 OK
r-devel-linux-x86_64-fedora-clang 1.4.1.1 89.24 OK
r-devel-linux-x86_64-fedora-gcc 1.4.1.1 72.71 OK
r-patched-linux-x86_64 1.4.1.1 31.00 43.09 74.09 OK
r-patched-solaris-x86 1.4.1.1 89.90 OK
r-release-linux-x86_64 1.4.1.1 38.37 42.41 80.78 OK
r-release-macos-x86_64 1.4.1.1 NOTE
r-oldrel-macos-x86_64 1.4.1.1 NOTE

Check Details

Version: 1.4.1.1
Check: whether the namespace can be loaded with stated dependencies
Result: NOTE
    Warning in system("which cmake", intern = TRUE) :
     running command 'which cmake' had status 1
    
    A namespace must be able to be loaded with just the base namespace
    loaded: otherwise if the namespace gets loaded by a saved object, the
    session will be unable to start.
    
    Probably some imports need to be declared in the NAMESPACE file.
Flavors: r-release-macos-x86_64, r-oldrel-macos-x86_64