CRAN Package Check Results for Package rkvo

Last updated on 2022-08-11 05:54:39 CEST.

Flavor Version Tinstall Tcheck Ttotal Status Flags
r-devel-linux-x86_64-debian-clang 0.1 15.75 26.54 42.29 NOTE
r-devel-linux-x86_64-debian-gcc 0.1 15.23 20.81 36.04 NOTE
r-devel-linux-x86_64-fedora-clang 0.1 72.76 NOTE
r-devel-linux-x86_64-fedora-gcc 0.1 66.39 NOTE
r-devel-windows-x86_64 0.1 20.00 74.00 94.00 NOTE
r-patched-linux-x86_64 0.1 14.48 25.60 40.08 NOTE
r-release-linux-x86_64 0.1 NOTE
r-release-macos-arm64 0.1 21.00 NOTE
r-release-macos-x86_64 0.1 28.00 NOTE
r-release-windows-x86_64 0.1 19.00 73.00 92.00 NOTE
r-oldrel-macos-arm64 0.1 24.00 NOTE
r-oldrel-macos-x86_64 0.1 41.00 NOTE
r-oldrel-windows-ix86+x86_64 0.1 48.00 72.00 120.00 NOTE

Check Details

Version: 0.1
Check: LazyData
Result: NOTE
     'LazyData' is specified without a 'data' directory
Flavors: r-devel-linux-x86_64-debian-clang, r-devel-linux-x86_64-debian-gcc, r-devel-linux-x86_64-fedora-clang, r-devel-linux-x86_64-fedora-gcc, r-devel-windows-x86_64, r-patched-linux-x86_64, r-release-linux-x86_64, r-release-macos-arm64, r-release-macos-x86_64, r-release-windows-x86_64, r-oldrel-macos-arm64, r-oldrel-macos-x86_64, r-oldrel-windows-ix86+x86_64

Version: 0.1
Check: compiled code
Result: NOTE
    File ‘rkvo/libs/rkvo.so’:
     Found no calls to: ‘R_registerRoutines’, ‘R_useDynamicSymbols’
    
    It is good practice to register native routines and to disable symbol
    search.
    
    See ‘Writing portable packages’ in the ‘Writing R Extensions’ manual.
Flavors: r-devel-linux-x86_64-fedora-clang, r-devel-linux-x86_64-fedora-gcc