CRAN Package Check Results for Package rless

Last updated on 2022-08-08 05:50:36 CEST.

Flavor Version Tinstall Tcheck Ttotal Status Flags
r-devel-linux-x86_64-debian-clang 0.1.1 1.59 28.17 29.76 NOTE
r-devel-linux-x86_64-debian-gcc 0.1.1 1.25 22.16 23.41 NOTE
r-devel-linux-x86_64-fedora-clang 0.1.1 47.96 NOTE
r-devel-linux-x86_64-fedora-gcc 0.1.1 46.56 NOTE
r-devel-windows-x86_64 0.1.1 9.00 55.00 64.00 NOTE
r-patched-linux-x86_64 0.1.1 1.98 27.51 29.49 NOTE
r-release-linux-x86_64 0.1.1 NOTE
r-release-macos-arm64 0.1.1 15.00 NOTE
r-release-macos-x86_64 0.1.1 23.00 NOTE
r-release-windows-x86_64 0.1.1 9.00 58.00 67.00 NOTE
r-oldrel-macos-arm64 0.1.1 19.00 NOTE
r-oldrel-macos-x86_64 0.1.1 30.00 NOTE
r-oldrel-windows-ix86+x86_64 0.1.1 6.00 51.00 57.00 NOTE

Check Details

Version: 0.1.1
Check: LazyData
Result: NOTE
     'LazyData' is specified without a 'data' directory
Flavors: r-devel-linux-x86_64-debian-clang, r-devel-linux-x86_64-debian-gcc, r-devel-linux-x86_64-fedora-clang, r-devel-linux-x86_64-fedora-gcc, r-devel-windows-x86_64, r-patched-linux-x86_64, r-release-linux-x86_64, r-release-macos-arm64, r-release-macos-x86_64, r-release-windows-x86_64, r-oldrel-macos-arm64, r-oldrel-macos-x86_64, r-oldrel-windows-ix86+x86_64