CRAN Package Check Results for Package rma.exact

Last updated on 2022-05-19 05:52:03 CEST.

Flavor Version Tinstall Tcheck Ttotal Status Flags
r-devel-linux-x86_64-debian-clang 0.1.0 3.08 39.85 42.93 NOTE
r-devel-linux-x86_64-debian-gcc 0.1.0 2.28 30.94 33.22 NOTE
r-devel-linux-x86_64-fedora-clang 0.1.0 54.26 NOTE
r-devel-linux-x86_64-fedora-gcc 0.1.0 51.72 NOTE
r-devel-windows-x86_64 0.1.0 9.00 60.00 69.00 NOTE
r-patched-linux-x86_64 0.1.0 3.07 39.47 42.54 NOTE
r-release-linux-x86_64 0.1.0 2.92 38.56 41.48 NOTE
r-release-macos-arm64 0.1.0 19.00 NOTE
r-release-macos-x86_64 0.1.0 23.00 NOTE
r-release-windows-x86_64 0.1.0 11.00 62.00 73.00 NOTE
r-oldrel-macos-arm64 0.1.0 22.00 NOTE
r-oldrel-macos-x86_64 0.1.0 31.00 NOTE
r-oldrel-windows-ix86+x86_64 0.1.0 7.00 49.00 56.00 NOTE

Check Details

Version: 0.1.0
Check: LazyData
Result: NOTE
     'LazyData' is specified without a 'data' directory
Flavors: r-devel-linux-x86_64-debian-clang, r-devel-linux-x86_64-debian-gcc, r-devel-linux-x86_64-fedora-clang, r-devel-linux-x86_64-fedora-gcc, r-devel-windows-x86_64, r-patched-linux-x86_64, r-release-linux-x86_64, r-release-macos-arm64, r-release-macos-x86_64, r-release-windows-x86_64, r-oldrel-macos-arm64, r-oldrel-macos-x86_64, r-oldrel-windows-ix86+x86_64