CRAN Package Check Results for Package rmdcev

Last updated on 2020-02-27 05:48:59 CET.

Flavor Version Tinstall Tcheck Ttotal Status Flags
r-devel-linux-x86_64-debian-clang 1.1.1 326.27 169.38 495.65 NOTE
r-devel-linux-x86_64-debian-gcc 1.1.1 297.24 142.32 439.56 NOTE
r-devel-linux-x86_64-fedora-clang 1.1.1 650.85 NOTE
r-devel-linux-x86_64-fedora-gcc 1.1.1 733.30 NOTE
r-devel-windows-ix86+x86_64 1.1.1 574.00 302.00 876.00 NOTE
r-devel-windows-ix86+x86_64-gcc8 1.1.1 601.00 326.00 927.00 NOTE
r-patched-linux-x86_64 1.1.1 322.91 159.75 482.66 NOTE
r-patched-solaris-x86 1.1.1 680.30 NOTE
r-release-linux-x86_64 1.1.1 308.32 161.02 469.34 NOTE
r-release-windows-ix86+x86_64 1.1.1 528.00 287.00 815.00 NOTE
r-release-osx-x86_64 1.1.1 NOTE
r-oldrel-windows-ix86+x86_64 1.1.1 527.00 269.00 796.00 NOTE
r-oldrel-osx-x86_64 1.1.1 NOTE

Check Details

Version: 1.1.1
Check: for GNU extensions in Makefiles
Result: NOTE
    GNU make is a SystemRequirements.
Flavors: r-devel-linux-x86_64-debian-clang, r-devel-linux-x86_64-debian-gcc, r-devel-linux-x86_64-fedora-clang, r-devel-linux-x86_64-fedora-gcc, r-devel-windows-ix86+x86_64, r-devel-windows-ix86+x86_64-gcc8, r-patched-linux-x86_64, r-patched-solaris-x86, r-release-linux-x86_64, r-release-windows-ix86+x86_64, r-release-osx-x86_64, r-oldrel-windows-ix86+x86_64, r-oldrel-osx-x86_64

Version: 1.1.1
Check: installed package size
Result: NOTE
     installed size is 56.4Mb
     sub-directories of 1Mb or more:
     libs 55.6Mb
Flavors: r-devel-linux-x86_64-fedora-clang, r-devel-windows-ix86+x86_64, r-devel-windows-ix86+x86_64-gcc8, r-release-windows-ix86+x86_64, r-release-osx-x86_64, r-oldrel-windows-ix86+x86_64, r-oldrel-osx-x86_64

Version: 1.1.1
Check: dependencies in R code
Result: NOTE
    Namespace in Imports field not imported from: ‘rlang’
     All declared Imports should be used.
Flavors: r-devel-linux-x86_64-fedora-clang, r-devel-linux-x86_64-fedora-gcc, r-patched-solaris-x86, r-release-osx-x86_64, r-oldrel-osx-x86_64