CRAN Package Check Results for Package rmdplugr

Last updated on 2024-06-24 06:49:20 CEST.

Flavor Version Tinstall Tcheck Ttotal Status Flags
r-devel-linux-x86_64-debian-clang 0.4.1 2.67 37.70 40.37 NOTE
r-devel-linux-x86_64-debian-gcc 0.4.1 2.53 28.91 31.44 NOTE
r-devel-linux-x86_64-fedora-clang 0.4.1 51.49 NOTE
r-devel-linux-x86_64-fedora-gcc 0.4.1 62.01 NOTE
r-devel-windows-x86_64 0.4.1 5.00 61.00 66.00 NOTE
r-patched-linux-x86_64 0.4.1 2.59 35.28 37.87 NOTE
r-release-linux-x86_64 0.4.1 2.53 35.11 37.64 NOTE
r-release-macos-arm64 0.4.1 25.00 NOTE
r-release-macos-x86_64 0.4.1 39.00 NOTE
r-release-windows-x86_64 0.4.1 4.00 61.00 65.00 NOTE
r-oldrel-macos-arm64 0.4.1 28.00 NOTE
r-oldrel-macos-x86_64 0.4.1 38.00 NOTE
r-oldrel-windows-x86_64 0.4.1 5.00 62.00 67.00 NOTE

Check Details

Version: 0.4.1
Check: LazyData
Result: NOTE 'LazyData' is specified without a 'data' directory Flavors: r-devel-linux-x86_64-debian-clang, r-devel-linux-x86_64-debian-gcc, r-devel-linux-x86_64-fedora-clang, r-devel-linux-x86_64-fedora-gcc, r-devel-windows-x86_64, r-patched-linux-x86_64, r-release-linux-x86_64, r-release-macos-arm64, r-release-macos-x86_64, r-release-windows-x86_64, r-oldrel-macos-arm64, r-oldrel-macos-x86_64, r-oldrel-windows-x86_64