CRAN Package Check Results for Package rmetasim

Last updated on 2019-03-24 05:47:14 CET.

Flavor Version Tinstall Tcheck Ttotal Status Flags
r-devel-linux-x86_64-debian-clang 3.1.7 36.37 216.38 252.75 OK
r-devel-linux-x86_64-debian-gcc 3.1.7 28.21 174.19 202.40 OK
r-devel-linux-x86_64-fedora-clang 3.1.7 301.70 OK
r-devel-linux-x86_64-fedora-gcc 3.1.7 342.00 OK
r-devel-windows-ix86+x86_64 3.1.7 107.00 441.00 548.00 OK
r-patched-linux-x86_64 3.1.7 29.42 199.59 229.01 OK
r-patched-solaris-x86 3.1.7 592.30 OK
r-release-linux-x86_64 3.1.7 0.46 2.85 3.31 ERROR
r-release-windows-ix86+x86_64 3.1.7 67.00 309.00 376.00 OK
r-release-osx-x86_64 3.1.7 OK
r-oldrel-windows-ix86+x86_64 3.1.7 65.00 455.00 520.00 OK
r-oldrel-osx-x86_64 3.1.7 OK

Check Details

Version: 3.1.7
Check: whether package can be installed
Result: ERROR
    Installation failed.
Flavor: r-release-linux-x86_64