CRAN Package Check Results for Package rmetasim

Last updated on 2019-06-19 05:48:21 CEST.

Flavor Version Tinstall Tcheck Ttotal Status Flags
r-devel-linux-x86_64-debian-clang 3.1.7 33.95 241.01 274.96 NOTE
r-devel-linux-x86_64-debian-gcc 3.1.7 27.87 201.98 229.85 NOTE
r-devel-linux-x86_64-fedora-clang 3.1.7 307.83 NOTE
r-devel-linux-x86_64-fedora-gcc 3.1.7 295.19 NOTE
r-devel-windows-ix86+x86_64 3.1.7 137.00 457.00 594.00 NOTE
r-patched-linux-x86_64 3.1.7 34.55 220.21 254.76 OK
r-patched-solaris-x86 3.1.7 591.10 OK
r-release-linux-x86_64 3.1.7 35.64 206.16 241.80 OK
r-release-windows-ix86+x86_64 3.1.7 106.00 471.00 577.00 OK
r-release-osx-x86_64 3.1.7 OK
r-oldrel-windows-ix86+x86_64 3.1.7 62.00 401.00 463.00 OK
r-oldrel-osx-x86_64 3.1.7 OK

Check Details

Version: 3.1.7
Check: use of PKG_*FLAGS in Makefiles
Result: NOTE
     PKG_CFLAGS set in 'src/Makevars' without any corresponding files
Flavors: r-devel-linux-x86_64-debian-clang, r-devel-linux-x86_64-debian-gcc, r-devel-linux-x86_64-fedora-clang, r-devel-linux-x86_64-fedora-gcc, r-devel-windows-ix86+x86_64

Version: 3.1.7
Check: for non-standard things in the check directory
Result: NOTE
    Found the following files/directories:
     'exampleland.genepop'
Flavors: r-devel-linux-x86_64-debian-clang, r-devel-linux-x86_64-debian-gcc, r-devel-linux-x86_64-fedora-clang, r-devel-linux-x86_64-fedora-gcc