Last updated on 2022-08-19 05:53:00 CEST.
Flavor | Version | Tinstall | Tcheck | Ttotal | Status | Flags |
---|---|---|---|---|---|---|
r-devel-linux-x86_64-debian-clang | 1.3-9 | 117.33 | 280.33 | 397.66 | NOTE | |
r-devel-linux-x86_64-debian-gcc | 1.3-9 | 125.79 | 207.29 | 333.08 | NOTE | |
r-devel-linux-x86_64-fedora-clang | 1.3-9 | 569.07 | NOTE | |||
r-devel-linux-x86_64-fedora-gcc | 1.3-9 | 544.75 | NOTE | |||
r-devel-windows-x86_64 | 1.3-9 | 167.00 | 314.00 | 481.00 | NOTE | |
r-patched-linux-x86_64 | 1.3-9 | 138.93 | 271.01 | 409.94 | OK | |
r-release-linux-x86_64 | 1.3-9 | OK | ||||
r-release-macos-arm64 | 1.3-9 | 123.00 | NOTE | |||
r-release-macos-x86_64 | 1.3-9 | 216.00 | NOTE | |||
r-release-windows-x86_64 | 1.3-9 | 278.00 | 326.00 | 604.00 | OK | |
r-oldrel-macos-arm64 | 1.3-9 | 100.00 | NOTE | |||
r-oldrel-macos-x86_64 | 1.3-9 | 155.00 | NOTE | |||
r-oldrel-windows-ix86+x86_64 | 1.3-9 | 320.00 | 327.00 | 647.00 | NOTE |
Version: 1.3-9
Check: Rd files
Result: NOTE
checkRd: (-1) cGARCHfilter-class.Rd:57: Escaped LaTeX specials: \&
checkRd: (-1) cGARCHfit-class.Rd:59: Escaped LaTeX specials: \&
checkRd: (-1) cGARCHsim-class.Rd:52: Escaped LaTeX specials: \&
checkRd: (-1) cGARCHspec-class.Rd:36: Escaped LaTeX specials: \&
checkRd: (-1) cgarchsim-methods.Rd:78: Escaped LaTeX specials: \&
checkRd: (-1) goGARCHfilter-class.Rd:155: Escaped LaTeX specials: \&
checkRd: (-1) goGARCHfit-class.Rd:166: Escaped LaTeX specials: \&
checkRd: (-1) rmgarch-package.Rd:73: Escaped LaTeX specials: \&
Flavors: r-devel-linux-x86_64-debian-clang, r-devel-linux-x86_64-debian-gcc, r-devel-linux-x86_64-fedora-clang, r-devel-linux-x86_64-fedora-gcc, r-devel-windows-x86_64
Version: 1.3-9
Check: installed package size
Result: NOTE
installed size is 9.8Mb
sub-directories of 1Mb or more:
R 3.1Mb
libs 5.7Mb
Flavors: r-release-macos-arm64, r-release-macos-x86_64, r-oldrel-macos-arm64, r-oldrel-macos-x86_64, r-oldrel-windows-ix86+x86_64