Last updated on 2022-05-28 05:53:17 CEST.
Flavor | Version | Tinstall | Tcheck | Ttotal | Status | Flags |
---|---|---|---|---|---|---|
r-devel-linux-x86_64-debian-clang | 0.1.1 | 122.13 | 48.32 | 170.45 | NOTE | |
r-devel-linux-x86_64-debian-gcc | 0.1.1 | 105.41 | 36.30 | 141.71 | NOTE | |
r-devel-linux-x86_64-fedora-clang | 0.1.1 | 285.01 | NOTE | |||
r-devel-linux-x86_64-fedora-gcc | 0.1.1 | 227.19 | NOTE | |||
r-devel-windows-x86_64 | 0.1.1 | 58.00 | 84.00 | 142.00 | NOTE | |
r-patched-linux-x86_64 | 0.1.1 | 120.95 | 45.66 | 166.61 | NOTE | |
r-release-linux-x86_64 | 0.1.1 | 109.68 | 45.12 | 154.80 | NOTE | |
r-release-macos-arm64 | 0.1.1 | 53.00 | NOTE | |||
r-release-macos-x86_64 | 0.1.1 | 72.00 | NOTE | |||
r-release-windows-x86_64 | 0.1.1 | 62.00 | 87.00 | 149.00 | NOTE | |
r-oldrel-macos-arm64 | 0.1.1 | 50.00 | NOTE | |||
r-oldrel-macos-x86_64 | 0.1.1 | 110.00 | NOTE | |||
r-oldrel-windows-ix86+x86_64 | 0.1.1 | 176.00 | 90.00 | 266.00 | NOTE |
Version: 0.1.1
Check: LazyData
Result: NOTE
'LazyData' is specified without a 'data' directory
Flavors: r-devel-linux-x86_64-debian-clang, r-devel-linux-x86_64-debian-gcc, r-devel-linux-x86_64-fedora-clang, r-devel-linux-x86_64-fedora-gcc, r-devel-windows-x86_64, r-patched-linux-x86_64, r-release-linux-x86_64, r-release-macos-arm64, r-release-macos-x86_64, r-release-windows-x86_64, r-oldrel-macos-arm64, r-oldrel-macos-x86_64, r-oldrel-windows-ix86+x86_64