CRAN Package Check Results for Package rmsfuns

Last updated on 2024-06-24 06:49:20 CEST.

Flavor Version Tinstall Tcheck Ttotal Status Flags
r-devel-linux-x86_64-debian-clang 1.0.0.1 5.95 50.10 56.05 NOTE
r-devel-linux-x86_64-debian-gcc 1.0.0.1 4.81 38.13 42.94 NOTE
r-devel-linux-x86_64-fedora-clang 1.0.0.1 72.77 NOTE
r-devel-linux-x86_64-fedora-gcc 1.0.0.1 79.27 NOTE
r-devel-windows-x86_64 1.0.0.1 6.00 58.00 64.00 NOTE
r-patched-linux-x86_64 1.0.0.1 5.83 47.45 53.28 NOTE
r-release-linux-x86_64 1.0.0.1 3.75 47.24 50.99 NOTE
r-release-macos-arm64 1.0.0.1 31.00 NOTE
r-release-macos-x86_64 1.0.0.1 83.00 NOTE
r-release-windows-x86_64 1.0.0.1 7.00 58.00 65.00 NOTE
r-oldrel-macos-arm64 1.0.0.1 30.00 NOTE
r-oldrel-macos-x86_64 1.0.0.1 46.00 NOTE
r-oldrel-windows-x86_64 1.0.0.1 9.00 66.00 75.00 NOTE

Check Details

Version: 1.0.0.1
Check: LazyData
Result: NOTE 'LazyData' is specified without a 'data' directory Flavors: r-devel-linux-x86_64-debian-clang, r-devel-linux-x86_64-debian-gcc, r-devel-linux-x86_64-fedora-clang, r-devel-linux-x86_64-fedora-gcc, r-devel-windows-x86_64, r-patched-linux-x86_64, r-release-linux-x86_64, r-release-macos-arm64, r-release-macos-x86_64, r-release-windows-x86_64, r-oldrel-macos-arm64, r-oldrel-macos-x86_64, r-oldrel-windows-x86_64