CRAN Package Check Results for Package rnn

Last updated on 2024-07-12 06:53:15 CEST.

Flavor Version Tinstall Tcheck Ttotal Status Flags
r-devel-linux-x86_64-debian-clang 1.9.0 5.01 259.66 264.67 OK
r-devel-linux-x86_64-debian-gcc 1.9.0 2.72 170.35 173.07 OK
r-devel-linux-x86_64-fedora-clang 1.9.0 313.32 NOTE
r-devel-linux-x86_64-fedora-gcc 1.9.0 303.81 NOTE
r-devel-windows-x86_64 1.9.0 4.00 173.00 177.00 OK
r-patched-linux-x86_64 1.9.0 4.26 239.37 243.63 OK
r-release-linux-x86_64 1.9.0 3.27 238.89 242.16 OK
r-release-macos-arm64 1.9.0 70.00 OK
r-release-macos-x86_64 1.9.0 142.00 OK
r-release-windows-x86_64 1.9.0 5.00 171.00 176.00 OK
r-oldrel-macos-arm64 1.9.0 90.00 OK
r-oldrel-macos-x86_64 1.9.0 253.00 OK
r-oldrel-windows-x86_64 1.9.0 5.00 217.00 222.00 OK

Check Details

Version: 1.9.0
Check: dependencies in R code
Result: NOTE Namespace in Imports field not imported from: ‘attention’ All declared Imports should be used. Flavors: r-devel-linux-x86_64-fedora-clang, r-devel-linux-x86_64-fedora-gcc