CRAN Package Check Results for Package rnndescent

Last updated on 2024-06-23 06:56:42 CEST.

Flavor Version Tinstall Tcheck Ttotal Status Flags
r-devel-linux-x86_64-debian-clang 0.1.6 149.53 124.43 273.96 OK
r-devel-linux-x86_64-debian-gcc 0.1.6 120.28 93.14 213.42 OK
r-devel-linux-x86_64-fedora-clang 0.1.6 377.66 OK
r-devel-linux-x86_64-fedora-gcc 0.1.6 437.55 OK
r-devel-windows-x86_64 0.1.6 125.00 153.00 278.00 OK
r-patched-linux-x86_64 0.1.6 144.74 120.25 264.99 OK
r-release-linux-x86_64 0.1.6 145.66 120.22 265.88 OK
r-release-macos-arm64 0.1.6 128.00 NOTE
r-release-macos-x86_64 0.1.6 129.00 NOTE
r-release-windows-x86_64 0.1.6 122.00 154.00 276.00 OK
r-oldrel-macos-arm64 0.1.6 116.00 NOTE
r-oldrel-macos-x86_64 0.1.6 191.00 NOTE
r-oldrel-windows-x86_64 0.1.6 150.00 170.00 320.00 OK

Check Details

Version: 0.1.6
Check: installed package size
Result: NOTE installed size is 13.5Mb sub-directories of 1Mb or more: libs 12.4Mb Flavors: r-release-macos-arm64, r-release-macos-x86_64, r-oldrel-macos-arm64, r-oldrel-macos-x86_64