CRAN Package Check Results for Package robCompositions

Last updated on 2020-11-27 05:49:07 CET.

Flavor Version Tinstall Tcheck Ttotal Status Flags
r-devel-linux-x86_64-debian-clang 2.3.0 117.71 260.37 378.08 OK
r-devel-linux-x86_64-debian-gcc 2.3.0 137.17 195.42 332.59 OK
r-devel-linux-x86_64-fedora-clang 2.3.0 476.91 NOTE
r-devel-linux-x86_64-fedora-gcc 2.3.0 456.69 OK
r-devel-windows-ix86+x86_64 2.3.0 245.00 257.00 502.00 NOTE --no-examples --no-tests --no-vignettes
r-patched-linux-x86_64 2.3.0 161.85 246.84 408.69 OK
r-patched-solaris-x86 2.3.0 518.30 OK
r-release-linux-x86_64 2.3.0 175.51 245.67 421.18 OK
r-release-macos-x86_64 2.3.0 NOTE
r-release-windows-ix86+x86_64 2.3.0 259.00 280.00 539.00 NOTE --no-examples --no-tests --no-vignettes
r-oldrel-macos-x86_64 2.3.0 NOTE
r-oldrel-windows-ix86+x86_64 2.3.0 186.00 240.00 426.00 OK --no-examples --no-tests --no-vignettes

Check Details

Version: 2.3.0
Check: installed package size
Result: NOTE
     installed size is 18.7Mb
     sub-directories of 1Mb or more:
     data 1.4Mb
     libs 16.0Mb
Flavors: r-devel-linux-x86_64-fedora-clang, r-release-macos-x86_64, r-oldrel-macos-x86_64

Version: 2.3.0
Check: Rd cross-references
Result: NOTE
    Undeclared packages ‘mvoutlier’, ‘StatDA’ in Rd xrefs
Flavor: r-devel-linux-x86_64-fedora-clang

Version: 2.3.0
Flags: --no-examples --no-tests --no-vignettes
Check: installed package size
Result: NOTE
     installed size is 5.3Mb
     sub-directories of 1Mb or more:
     data 1.4Mb
     libs 2.6Mb
Flavors: r-devel-windows-ix86+x86_64, r-release-windows-ix86+x86_64