CRAN Package Check Results for Package robets

Last updated on 2022-08-12 05:52:57 CEST.

Flavor Version Tinstall Tcheck Ttotal Status Flags
r-devel-linux-x86_64-debian-clang 1.4 39.75 84.03 123.78 NOTE
r-devel-linux-x86_64-debian-gcc 1.4 33.59 62.41 96.00 NOTE
r-devel-linux-x86_64-fedora-clang 1.4 184.01 NOTE
r-devel-linux-x86_64-fedora-gcc 1.4 159.37 NOTE
r-devel-windows-x86_64 1.4 40.00 119.00 159.00 NOTE
r-patched-linux-x86_64 1.4 42.23 79.16 121.39 NOTE
r-release-linux-x86_64 1.4 37.18 80.81 117.99 NOTE
r-release-macos-arm64 1.4 45.00 NOTE
r-release-macos-x86_64 1.4 71.00 NOTE
r-release-windows-x86_64 1.4 41.00 122.00 163.00 NOTE
r-oldrel-macos-arm64 1.4 47.00 NOTE
r-oldrel-macos-x86_64 1.4 67.00 NOTE
r-oldrel-windows-ix86+x86_64 1.4 104.00 153.00 257.00 NOTE

Check Details

Version: 1.4
Check: LazyData
Result: NOTE
     'LazyData' is specified without a 'data' directory
Flavors: r-devel-linux-x86_64-debian-clang, r-devel-linux-x86_64-debian-gcc, r-devel-linux-x86_64-fedora-clang, r-devel-linux-x86_64-fedora-gcc, r-devel-windows-x86_64, r-patched-linux-x86_64, r-release-linux-x86_64, r-release-macos-arm64, r-release-macos-x86_64, r-release-windows-x86_64, r-oldrel-macos-arm64, r-oldrel-macos-x86_64, r-oldrel-windows-ix86+x86_64