CRAN Package Check Results for Package robotstxt

Last updated on 2019-05-23 05:49:14 CEST.

Flavor Version Tinstall Tcheck Ttotal Status Flags
r-devel-linux-x86_64-debian-clang 0.6.2 2.01 27.86 29.87 OK
r-devel-linux-x86_64-debian-gcc 0.6.2 1.52 22.45 23.97 OK
r-devel-linux-x86_64-fedora-clang 0.6.2 37.33 NOTE
r-devel-linux-x86_64-fedora-gcc 0.6.2 35.10 NOTE
r-devel-windows-ix86+x86_64 0.6.2 5.00 56.00 61.00 OK
r-patched-linux-x86_64 0.6.2 2.16 27.88 30.04 OK
r-patched-solaris-x86 0.6.2 56.90 NOTE
r-release-linux-x86_64 0.6.2 2.26 27.90 30.16 OK
r-release-windows-ix86+x86_64 0.6.2 8.00 63.00 71.00 OK
r-release-osx-x86_64 0.6.2 NOTE
r-oldrel-windows-ix86+x86_64 0.6.2 3.00 43.00 46.00 OK
r-oldrel-osx-x86_64 0.6.2 NOTE

Check Details

Version: 0.6.2
Check: dependencies in R code
Result: NOTE
    Namespace in Imports field not imported from: ‘future’
     All declared Imports should be used.
Flavors: r-devel-linux-x86_64-fedora-clang, r-devel-linux-x86_64-fedora-gcc, r-patched-solaris-x86, r-release-osx-x86_64, r-oldrel-osx-x86_64