CRAN Package Check Results for Package robotstxt

Last updated on 2019-08-18 05:46:24 CEST.

Flavor Version Tinstall Tcheck Ttotal Status Flags
r-devel-linux-x86_64-debian-clang 0.6.2 2.31 27.75 30.06 OK
r-devel-linux-x86_64-debian-gcc 0.6.2 1.95 22.24 24.19 OK
r-devel-linux-x86_64-fedora-gcc 0.6.2 35.54 NOTE
r-devel-windows-ix86+x86_64 0.6.2 8.00 45.00 53.00 OK
r-patched-linux-x86_64 0.6.2 1.85 27.69 29.54 OK
r-patched-solaris-x86 0.6.2 57.50 NOTE
r-release-linux-x86_64 0.6.2 2.15 27.75 29.90 OK
r-release-windows-ix86+x86_64 0.6.2 7.00 54.00 61.00 OK
r-release-osx-x86_64 0.6.2 NOTE
r-oldrel-windows-ix86+x86_64 0.6.2 7.00 69.00 76.00 OK
r-oldrel-osx-x86_64 0.6.2 NOTE

Check Details

Version: 0.6.2
Check: dependencies in R code
Result: NOTE
    Namespace in Imports field not imported from: ‘future’
     All declared Imports should be used.
Flavors: r-devel-linux-x86_64-fedora-gcc, r-patched-solaris-x86, r-release-osx-x86_64, r-oldrel-osx-x86_64