CRAN Package Check Results for Package robustHD

Last updated on 2019-08-22 05:47:10 CEST.

Flavor Version Tinstall Tcheck Ttotal Status Flags
r-devel-linux-x86_64-debian-clang 0.5.1 100.11 85.78 185.89 OK
r-devel-linux-x86_64-debian-gcc 0.5.1 79.58 65.15 144.73 OK
r-devel-linux-x86_64-fedora-clang 0.5.1 280.71 NOTE
r-devel-linux-x86_64-fedora-gcc 0.5.1 254.73 NOTE
r-devel-windows-ix86+x86_64 0.5.1 191.00 205.00 396.00 OK
r-patched-linux-x86_64 0.5.1 91.50 84.41 175.91 OK
r-patched-solaris-x86 0.5.1 261.40 OK
r-release-linux-x86_64 0.5.1 86.67 84.95 171.62 OK
r-release-windows-ix86+x86_64 0.5.1 263.00 210.00 473.00 OK
r-release-osx-x86_64 0.5.1 NOTE
r-oldrel-windows-ix86+x86_64 0.5.1 248.00 210.00 458.00 OK
r-oldrel-osx-x86_64 0.5.1 OK

Check Details

Version: 0.5.1
Check: installed package size
Result: NOTE
     installed size is 6.2Mb
     sub-directories of 1Mb or more:
     libs 5.6Mb
Flavors: r-devel-linux-x86_64-fedora-clang, r-release-osx-x86_64

Version: 0.5.1
Check: compiled code
Result: NOTE
    File ‘robustHD/libs/robustHD.so’:
     Found no calls to: ‘R_registerRoutines’, ‘R_useDynamicSymbols’
    
    It is good practice to register native routines and to disable symbol
    search.
    
    See ‘Writing portable packages’ in the ‘Writing R Extensions’ manual.
Flavors: r-devel-linux-x86_64-fedora-clang, r-devel-linux-x86_64-fedora-gcc