CRAN Package Check Results for Package robustreg

Last updated on 2019-08-22 05:47:10 CEST.

Flavor Version Tinstall Tcheck Ttotal Status Flags
r-devel-linux-x86_64-debian-clang 0.1-11 44.06 51.93 95.99 OK
r-devel-linux-x86_64-debian-gcc 0.1-11 32.27 41.65 73.92 OK
r-devel-linux-x86_64-fedora-clang 0.1-11 143.08 OK
r-devel-linux-x86_64-fedora-gcc 0.1-11 125.20 OK
r-devel-windows-ix86+x86_64 0.1-11 110.00 117.00 227.00 OK
r-patched-linux-x86_64 0.1-11 39.02 51.33 90.35 OK
r-patched-solaris-x86 0.1-11 154.40 OK
r-release-linux-x86_64 0.1-11 40.19 51.82 92.01 OK
r-release-windows-ix86+x86_64 0.1-11 109.00 118.00 227.00 OK
r-release-osx-x86_64 0.1-11 OK
r-oldrel-windows-ix86+x86_64 0.1-10 101.00 79.00 180.00 OK
r-oldrel-osx-x86_64 0.1-11 ERROR

Check Details

Version: 0.1-11
Check: package dependencies
Result: ERROR
    Package required and available but unsuitable version: ‘stats’
    
    See section ‘The DESCRIPTION file’ in the ‘Writing R Extensions’
    manual.
Flavor: r-oldrel-osx-x86_64