CRAN Package Check Results for Package robustreg

Last updated on 2019-12-14 05:47:42 CET.

Flavor Version Tinstall Tcheck Ttotal Status Flags
r-devel-linux-x86_64-debian-clang 0.1-11 51.96 55.83 107.79 OK
r-devel-linux-x86_64-debian-gcc 0.1-11 32.39 45.16 77.55 OK
r-devel-linux-x86_64-fedora-clang 0.1-11 142.07 OK
r-devel-linux-x86_64-fedora-gcc 0.1-11 139.38 OK
r-devel-windows-ix86+x86_64 0.1-11 92.00 118.00 210.00 OK
r-devel-windows-ix86+x86_64-gcc8 0.1-11 102.00 127.00 229.00 OK
r-patched-linux-x86_64 0.1-11 40.33 51.92 92.25 OK
r-patched-solaris-x86 0.1-11 158.20 OK
r-release-linux-x86_64 0.1-11 41.04 52.44 93.48 OK
r-release-windows-ix86+x86_64 0.1-11 68.00 91.00 159.00 OK
r-release-osx-x86_64 0.1-11 OK
r-oldrel-windows-ix86+x86_64 0.1-10 101.00 79.00 180.00 OK
r-oldrel-osx-x86_64 0.1-11 ERROR

Check Details

Version: 0.1-11
Check: package dependencies
Result: ERROR
    Package required and available but unsuitable version: ‘stats’
    
    See section ‘The DESCRIPTION file’ in the ‘Writing R Extensions’
    manual.
Flavor: r-oldrel-osx-x86_64