CRAN Package Check Results for Package roll

Last updated on 2019-08-24 05:47:07 CEST.

Flavor Version Tinstall Tcheck Ttotal Status Flags
r-devel-linux-x86_64-debian-clang 1.1.2 37.04 23.43 60.47 NOTE
r-devel-linux-x86_64-debian-gcc 1.1.2 35.60 18.72 54.32 NOTE
r-devel-linux-x86_64-fedora-clang 1.1.2 95.31 NOTE
r-devel-linux-x86_64-fedora-gcc 1.1.2 89.15 NOTE
r-devel-windows-ix86+x86_64 1.1.2 70.00 77.00 147.00 NOTE
r-patched-linux-x86_64 1.1.2 32.32 23.12 55.44 NOTE
r-patched-solaris-x86 1.1.2 92.20 NOTE
r-release-linux-x86_64 1.1.2 34.82 23.37 58.19 NOTE
r-release-windows-ix86+x86_64 1.1.2 107.00 75.00 182.00 NOTE
r-release-osx-x86_64 1.1.2 NOTE
r-oldrel-windows-ix86+x86_64 1.1.2 102.00 74.00 176.00 NOTE
r-oldrel-osx-x86_64 1.1.2 NOTE

Check Details

Version: 1.1.2
Check: for GNU extensions in Makefiles
Result: NOTE
    GNU make is a SystemRequirements.
Flavors: r-devel-linux-x86_64-debian-clang, r-devel-linux-x86_64-debian-gcc, r-devel-linux-x86_64-fedora-clang, r-devel-linux-x86_64-fedora-gcc, r-devel-windows-ix86+x86_64, r-patched-linux-x86_64, r-patched-solaris-x86, r-release-linux-x86_64, r-release-windows-ix86+x86_64, r-release-osx-x86_64, r-oldrel-windows-ix86+x86_64, r-oldrel-osx-x86_64