CRAN Package Check Results for Package roll

Last updated on 2021-10-15 05:54:02 CEST.

Flavor Version Tinstall Tcheck Ttotal Status Flags
r-devel-linux-x86_64-debian-clang 1.1.6 50.54 29.14 79.68 NOTE
r-devel-linux-x86_64-debian-gcc 1.1.6 47.65 22.81 70.46 NOTE
r-devel-linux-x86_64-fedora-clang 1.1.6 129.08 NOTE
r-devel-linux-x86_64-fedora-gcc 1.1.6 125.93 NOTE
r-devel-windows-x86_64 1.1.6 58.00 49.00 107.00 NOTE
r-devel-windows-x86_64-gcc10-UCRT 1.1.6 NOTE
r-patched-linux-x86_64 1.1.6 53.79 28.37 82.16 NOTE
r-patched-solaris-x86 1.1.6 116.50 NOTE
r-release-linux-x86_64 1.1.6 54.62 28.71 83.33 NOTE
r-release-macos-arm64 1.1.6 NOTE
r-release-macos-x86_64 1.1.6 NOTE
r-release-windows-ix86+x86_64 1.1.6 137.00 84.00 221.00 NOTE
r-oldrel-macos-x86_64 1.1.6 NOTE
r-oldrel-windows-ix86+x86_64 1.1.6 137.00 83.00 220.00 NOTE

Check Details

Version: 1.1.6
Check: for GNU extensions in Makefiles
Result: NOTE
    GNU make is a SystemRequirements.
Flavors: r-devel-linux-x86_64-debian-clang, r-devel-linux-x86_64-debian-gcc, r-devel-linux-x86_64-fedora-clang, r-devel-linux-x86_64-fedora-gcc, r-devel-windows-x86_64, r-devel-windows-x86_64-gcc10-UCRT, r-patched-linux-x86_64, r-patched-solaris-x86, r-release-linux-x86_64, r-release-macos-arm64, r-release-macos-x86_64, r-release-windows-ix86+x86_64, r-oldrel-macos-x86_64, r-oldrel-windows-ix86+x86_64

Version: 1.1.6
Check: installed package size
Result: NOTE
     installed size is 7.4Mb
     sub-directories of 1Mb or more:
     libs 7.2Mb
Flavors: r-release-macos-arm64, r-release-macos-x86_64, r-oldrel-macos-x86_64