CRAN Package Check Results for Package roll

Last updated on 2020-01-19 05:47:19 CET.

Flavor Version Tinstall Tcheck Ttotal Status Flags
r-devel-linux-x86_64-debian-clang 1.1.3 53.61 27.69 81.30 NOTE
r-devel-linux-x86_64-debian-gcc 1.1.4 48.20 21.96 70.16 NOTE
r-devel-linux-x86_64-fedora-clang 1.1.4 114.76 NOTE
r-devel-linux-x86_64-fedora-gcc 1.1.4 125.26 NOTE
r-devel-windows-ix86+x86_64 1.1.3 143.00 70.00 213.00 NOTE
r-devel-windows-ix86+x86_64-gcc8 1.1.3 106.00 91.00 197.00 NOTE
r-patched-linux-x86_64 1.1.3 49.27 25.48 74.75 NOTE
r-patched-solaris-x86 1.1.4 108.30 NOTE
r-release-linux-x86_64 1.1.4 49.56 24.88 74.44 NOTE
r-release-windows-ix86+x86_64 1.1.3 136.00 59.00 195.00 NOTE
r-release-osx-x86_64 1.1.4 NOTE
r-oldrel-windows-ix86+x86_64 1.1.4 97.00 63.00 160.00 NOTE
r-oldrel-osx-x86_64 1.1.4 NOTE

Check Details

Version: 1.1.3
Check: for GNU extensions in Makefiles
Result: NOTE
    GNU make is a SystemRequirements.
Flavors: r-devel-linux-x86_64-debian-clang, r-devel-windows-ix86+x86_64, r-devel-windows-ix86+x86_64-gcc8, r-patched-linux-x86_64, r-release-windows-ix86+x86_64

Version: 1.1.4
Check: for GNU extensions in Makefiles
Result: NOTE
    GNU make is a SystemRequirements.
Flavors: r-devel-linux-x86_64-debian-gcc, r-devel-linux-x86_64-fedora-clang, r-devel-linux-x86_64-fedora-gcc, r-patched-solaris-x86, r-release-linux-x86_64, r-release-osx-x86_64, r-oldrel-windows-ix86+x86_64, r-oldrel-osx-x86_64

Version: 1.1.4
Check: installed package size
Result: NOTE
     installed size is 6.0Mb
     sub-directories of 1Mb or more:
     libs 5.9Mb
Flavors: r-devel-linux-x86_64-fedora-clang, r-release-osx-x86_64, r-oldrel-osx-x86_64