CRAN Package Check Results for Package rollRegres

Last updated on 2021-10-16 05:51:35 CEST.

Flavor Version Tinstall Tcheck Ttotal Status Flags
r-devel-linux-x86_64-debian-clang 0.1.3 40.86 60.28 101.14 NOTE
r-devel-linux-x86_64-debian-gcc 0.1.3 28.01 45.53 73.54 NOTE
r-devel-linux-x86_64-fedora-clang 0.1.3 146.62 NOTE
r-devel-linux-x86_64-fedora-gcc 0.1.3 131.10 NOTE
r-devel-windows-x86_64 0.1.3 48.00 81.00 129.00 NOTE
r-devel-windows-x86_64-gcc10-UCRT 0.1.3 NOTE
r-patched-linux-x86_64 0.1.3 39.60 55.94 95.54 NOTE
r-patched-solaris-x86 0.1.3 140.80 NOTE
r-release-linux-x86_64 0.1.3 33.42 56.05 89.47 NOTE
r-release-macos-arm64 0.1.3 NOTE
r-release-macos-x86_64 0.1.3 NOTE
r-release-windows-ix86+x86_64 0.1.3 114.00 117.00 231.00 NOTE
r-oldrel-macos-x86_64 0.1.3 OK
r-oldrel-windows-ix86+x86_64 0.1.3 116.00 112.00 228.00 OK

Check Details

Version: 0.1.3
Check: LazyData
Result: NOTE
     'LazyData' is specified without a 'data' directory
Flavors: r-devel-linux-x86_64-debian-clang, r-devel-linux-x86_64-debian-gcc, r-devel-linux-x86_64-fedora-clang, r-devel-linux-x86_64-fedora-gcc, r-devel-windows-x86_64, r-devel-windows-x86_64-gcc10-UCRT, r-patched-linux-x86_64, r-patched-solaris-x86, r-release-linux-x86_64, r-release-macos-arm64, r-release-macos-x86_64, r-release-windows-ix86+x86_64