CRAN Package Check Results for Package ropercenter

Last updated on 2021-12-05 05:52:58 CET.

Flavor Version Tinstall Tcheck Ttotal Status Flags
r-devel-linux-x86_64-debian-clang 0.3.1 7.58 73.52 81.10 NOTE
r-devel-linux-x86_64-debian-gcc 0.3.1 5.45 56.41 61.86 NOTE
r-devel-linux-x86_64-fedora-clang 0.3.1 97.42 NOTE
r-devel-linux-x86_64-fedora-gcc 0.3.1 85.49 NOTE
r-devel-windows-x86_64-new-UL 0.3.1 15.00 113.00 128.00 NOTE
r-devel-windows-x86_64-new-TK 0.3.1 NOTE
r-devel-windows-x86_64-old 0.3.1 16.00 68.00 84.00 NOTE
r-patched-linux-x86_64 0.3.1 6.15 60.58 66.73 NOTE
r-release-linux-x86_64 0.3.1 5.98 68.46 74.44 NOTE
r-release-macos-arm64 0.3.1 NOTE
r-release-macos-x86_64 0.3.1 NOTE
r-release-windows-ix86+x86_64 0.3.1 18.00 86.00 104.00 NOTE
r-oldrel-macos-x86_64 0.3.1 OK
r-oldrel-windows-ix86+x86_64 0.3.1 18.00 85.00 103.00 OK

Check Details

Version: 0.3.1
Check: LazyData
Result: NOTE
     'LazyData' is specified without a 'data' directory
Flavors: r-devel-linux-x86_64-debian-clang, r-devel-linux-x86_64-debian-gcc, r-devel-linux-x86_64-fedora-clang, r-devel-linux-x86_64-fedora-gcc, r-devel-windows-x86_64-new-UL, r-devel-windows-x86_64-new-TK, r-devel-windows-x86_64-old, r-patched-linux-x86_64, r-release-linux-x86_64, r-release-macos-arm64, r-release-macos-x86_64, r-release-windows-ix86+x86_64

Version: 0.3.1
Check: Rd cross-references
Result: NOTE
    Undeclared package ‘readroper’ in Rd xrefs
Flavor: r-devel-linux-x86_64-fedora-clang