CRAN Package Check Results for Package rospca

Last updated on 2024-06-13 06:58:16 CEST.

Flavor Version Tinstall Tcheck Ttotal Status Flags
r-devel-linux-x86_64-debian-clang 1.1.0 7.79 72.87 80.66 OK
r-devel-linux-x86_64-debian-gcc 1.1.0 0.39 1.52 1.91 ERROR
r-devel-linux-x86_64-fedora-clang 1.1.0 106.61 OK
r-devel-linux-x86_64-fedora-gcc 1.1.0 99.11 OK
r-devel-windows-x86_64 1.1.0 8.00 74.00 82.00 OK
r-patched-linux-x86_64 1.1.0 7.56 70.42 77.98 OK
r-release-linux-x86_64 1.1.0 8.50 72.23 80.73 OK
r-release-macos-arm64 1.1.0 32.00 OK
r-release-macos-x86_64 1.1.0 57.00 OK
r-release-windows-x86_64 1.1.0 10.00 75.00 85.00 OK
r-oldrel-macos-arm64 1.1.0 38.00 OK
r-oldrel-macos-x86_64 1.1.0 77.00 OK
r-oldrel-windows-x86_64 1.1.0 11.00 85.00 96.00 OK

Check Details

Version: 1.1.0
Check: package dependencies
Result: ERROR Package required but not available: ‘mrfDepth’ See section ‘The DESCRIPTION file’ in the ‘Writing R Extensions’ manual. Flavor: r-devel-linux-x86_64-debian-gcc