CRAN Package Check Results for Package roxygen2md

Last updated on 2021-11-30 05:53:31 CET.

Flavor Version Tinstall Tcheck Ttotal Status Flags
r-devel-linux-x86_64-debian-clang 1.0.0 2.84 31.04 33.88 NOTE
r-devel-linux-x86_64-debian-gcc 1.0.0 2.40 24.68 27.08 NOTE
r-devel-linux-x86_64-fedora-clang 1.0.0 52.44 NOTE
r-devel-linux-x86_64-fedora-gcc 1.0.0 41.24 NOTE
r-devel-windows-x86_64-new-UL 1.0.0 10.00 67.00 77.00 NOTE
r-devel-windows-x86_64-new-TK 1.0.0 NOTE
r-devel-windows-x86_64-old 1.0.0 7.00 40.00 47.00 NOTE
r-patched-linux-x86_64 1.0.0 3.44 29.94 33.38 NOTE
r-patched-solaris-x86 1.0.0 68.70 NOTE
r-release-linux-x86_64 1.0.0 2.91 29.73 32.64 NOTE
r-release-macos-arm64 1.0.0 NOTE
r-release-macos-x86_64 1.0.0 NOTE
r-release-windows-ix86+x86_64 1.0.0 9.00 39.00 48.00 NOTE
r-oldrel-macos-x86_64 1.0.0 NOTE
r-oldrel-windows-ix86+x86_64 1.0.0 6.00 37.00 43.00 OK

Check Details

Version: 1.0.0
Check: LazyData
Result: NOTE
     'LazyData' is specified without a 'data' directory
Flavors: r-devel-linux-x86_64-debian-clang, r-devel-linux-x86_64-debian-gcc, r-devel-linux-x86_64-fedora-clang, r-devel-linux-x86_64-fedora-gcc, r-devel-windows-x86_64-new-UL, r-devel-windows-x86_64-new-TK, r-devel-windows-x86_64-old, r-patched-linux-x86_64, r-patched-solaris-x86, r-release-linux-x86_64, r-release-macos-arm64, r-release-macos-x86_64, r-release-windows-ix86+x86_64

Version: 1.0.0
Check: dependencies in R code
Result: NOTE
    Namespace in Imports field not imported from: ‘withr’
     All declared Imports should be used.
Flavors: r-devel-linux-x86_64-fedora-clang, r-devel-linux-x86_64-fedora-gcc, r-devel-windows-x86_64-new-TK, r-patched-solaris-x86, r-release-macos-arm64, r-release-macos-x86_64, r-oldrel-macos-x86_64