CRAN Package Check Results for Package rpanel

Last updated on 2022-09-27 05:52:23 CEST.

Flavor Version Tinstall Tcheck Ttotal Status Flags
r-devel-linux-x86_64-debian-clang 1.1-5.1 14.55 75.69 90.24 NOTE
r-devel-linux-x86_64-debian-gcc 1.1-5.1 10.99 55.81 66.80 NOTE
r-devel-linux-x86_64-fedora-clang 1.1-5.1 126.89 NOTE
r-devel-linux-x86_64-fedora-gcc 1.1-5.1 121.08 NOTE
r-devel-windows-x86_64 1.1-5.1 41.00 104.00 145.00 OK
r-patched-linux-x86_64 1.1-5.1 19.38 82.03 101.41 NOTE
r-release-linux-x86_64 1.1-5.1 18.52 80.42 98.94 NOTE
r-release-macos-arm64 1.1-5.1 54.00 OK
r-release-macos-x86_64 1.1-5.1 84.00 OK
r-release-windows-x86_64 1.1-5.1 45.00 104.00 149.00 OK
r-oldrel-macos-arm64 1.1-5.1 55.00 OK
r-oldrel-macos-x86_64 1.1-5.1 79.00 OK
r-oldrel-windows-ix86+x86_64 1.1-5.1 21.00 89.00 110.00 OK

Check Details

Version: 1.1-5.1
Check: package dependencies
Result: NOTE
    Package suggested but not available for checking: 'RandomFields'
Flavors: r-devel-linux-x86_64-debian-clang, r-devel-linux-x86_64-debian-gcc, r-devel-linux-x86_64-fedora-clang, r-devel-linux-x86_64-fedora-gcc, r-patched-linux-x86_64, r-release-linux-x86_64