Last updated on 2023-10-01 06:53:18 CEST.
Flavor | Version | Tinstall | Tcheck | Ttotal | Status | Flags |
---|---|---|---|---|---|---|
r-devel-linux-x86_64-debian-clang | 1.1-5.2 | 12.72 | 77.66 | 90.38 | NOTE | |
r-devel-linux-x86_64-debian-gcc | 1.1-5.2 | 11.27 | 57.93 | 69.20 | NOTE | |
r-devel-linux-x86_64-fedora-clang | 1.1-5.2 | 120.62 | NOTE | |||
r-devel-linux-x86_64-fedora-gcc | 1.1-5.2 | 113.18 | NOTE | |||
r-devel-windows-x86_64 | 1.1-5.2 | 10.00 | 82.00 | 92.00 | NOTE | |
r-patched-linux-x86_64 | 1.1-5.2 | 15.63 | 75.58 | 91.21 | NOTE | |
r-release-linux-x86_64 | 1.1-5.2 | 12.89 | 76.45 | 89.34 | NOTE | |
r-release-macos-arm64 | 1.1-5.2 | 34.00 | NOTE | |||
r-release-macos-x86_64 | 1.1-5.2 | 61.00 | NOTE | |||
r-release-windows-x86_64 | 1.1-5.2 | 12.00 | 86.00 | 98.00 | NOTE | |
r-oldrel-macos-arm64 | 1.1-5.2 | 60.00 | OK | |||
r-oldrel-macos-x86_64 | 1.1-5.2 | 81.00 | OK | |||
r-oldrel-windows-x86_64 | 1.1-5.2 | 23.00 | 85.00 | 108.00 | NOTE |
Version: 1.1-5.2
Check: package dependencies
Result: NOTE
Package suggested but not available for checking: ‘RandomFields’
Flavors: r-devel-linux-x86_64-debian-clang, r-devel-linux-x86_64-debian-gcc, r-devel-linux-x86_64-fedora-clang, r-devel-linux-x86_64-fedora-gcc, r-devel-windows-x86_64, r-patched-linux-x86_64, r-release-linux-x86_64, r-release-macos-arm64, r-release-macos-x86_64, r-release-windows-x86_64, r-oldrel-windows-x86_64