CRAN Package Check Results for Package rpdo

Last updated on 2022-01-18 05:50:26 CET.

Flavor Version Tinstall Tcheck Ttotal Status Flags
r-devel-linux-x86_64-debian-clang 0.3.1 2.26 36.40 38.66 OK
r-devel-linux-x86_64-debian-gcc 0.3.1 1.66 28.52 30.18 OK
r-devel-linux-x86_64-fedora-clang 0.3.1 47.30 NOTE
r-devel-linux-x86_64-fedora-gcc 0.3.1 36.24 OK
r-devel-windows-x86_64-new-UL 0.3.1 23.00 59.00 82.00 OK
r-devel-windows-x86_64-new-TK 0.3.1 OK
r-patched-linux-x86_64 0.3.1 2.23 34.54 36.77 OK
r-release-linux-x86_64 0.3.1 OK
r-release-macos-arm64 0.3.1 OK
r-release-macos-x86_64 0.3.1 OK
r-release-windows-ix86+x86_64 0.3.1 5.00 44.00 49.00 OK
r-oldrel-macos-x86_64 0.3.1 OK
r-oldrel-windows-ix86+x86_64 0.3.1 6.00 45.00 51.00 OK

Check Details

Version: 0.3.1
Check: Rd cross-references
Result: NOTE
    Undeclared package ‘rsoi’ in Rd xrefs
Flavor: r-devel-linux-x86_64-fedora-clang