CRAN Package Check Results for Package rprojroot

Last updated on 2022-01-27 05:56:05 CET.

Flavor Version Tinstall Tcheck Ttotal Status Flags
r-devel-linux-x86_64-debian-clang 2.0.2 2.33 36.94 39.27 NOTE
r-devel-linux-x86_64-debian-gcc 2.0.2 2.09 28.81 30.90 NOTE
r-devel-linux-x86_64-fedora-clang 2.0.2 48.85 NOTE
r-devel-linux-x86_64-fedora-gcc 2.0.2 37.45 NOTE
r-devel-windows-x86_64-new-UL 2.0.2 112.00 58.00 170.00 NOTE
r-devel-windows-x86_64-new-TK 2.0.2 NOTE
r-patched-linux-x86_64 2.0.2 2.52 34.62 37.14 NOTE
r-release-linux-x86_64 2.0.2 2.50 34.56 37.06 NOTE
r-release-macos-arm64 2.0.2 NOTE
r-release-macos-x86_64 2.0.2 NOTE
r-release-windows-ix86+x86_64 2.0.2 8.00 45.00 53.00 NOTE
r-oldrel-macos-x86_64 2.0.2 OK
r-oldrel-windows-ix86+x86_64 2.0.2 6.00 44.00 50.00 OK

Check Details

Version: 2.0.2
Check: LazyData
Result: NOTE
     'LazyData' is specified without a 'data' directory
Flavors: r-devel-linux-x86_64-debian-clang, r-devel-linux-x86_64-debian-gcc, r-devel-linux-x86_64-fedora-clang, r-devel-linux-x86_64-fedora-gcc, r-devel-windows-x86_64-new-UL, r-devel-windows-x86_64-new-TK, r-patched-linux-x86_64, r-release-linux-x86_64, r-release-macos-arm64, r-release-macos-x86_64, r-release-windows-ix86+x86_64