CRAN Package Check Results for Package rquery

Last updated on 2024-06-14 06:53:46 CEST.

Flavor Version Tinstall Tcheck Ttotal Status Flags
r-devel-linux-x86_64-debian-clang 1.4.99 9.46 115.94 125.40 NOTE
r-devel-linux-x86_64-debian-gcc 1.4.99 10.63 87.35 97.98 NOTE
r-devel-linux-x86_64-fedora-clang 1.4.99 164.88 NOTE
r-devel-linux-x86_64-fedora-gcc 1.4.99 166.54 NOTE
r-devel-windows-x86_64 1.4.99 10.00 121.00 131.00 NOTE
r-patched-linux-x86_64 1.4.99 14.80 115.59 130.39 NOTE
r-release-linux-x86_64 1.4.99 11.80 112.61 124.41 NOTE
r-release-macos-arm64 1.4.99 117.00 NOTE
r-release-macos-x86_64 1.4.99 95.00 NOTE
r-release-windows-x86_64 1.4.99 13.00 123.00 136.00 NOTE
r-oldrel-macos-arm64 1.4.99 58.00 OK
r-oldrel-macos-x86_64 1.4.99 134.00 OK
r-oldrel-windows-x86_64 1.4.99 13.00 138.00 151.00 OK

Check Details

Version: 1.4.99
Check: Rd files
Result: NOTE checkRd: (-1) ex.Rd:20: Lost braces 20 | Execute a ops-dag using `code{wrap()}` data as values. | ^ checkRd: (-1) sql_node.Rd:29: Lost braces; missing escapes or markup? 29 | \item{expand_braces}{logical if TRUE use {col} notation to ensure {col} is a column name.} | ^ checkRd: (-1) sql_node.Rd:29: Lost braces; missing escapes or markup? 29 | \item{expand_braces}{logical if TRUE use {col} notation to ensure {col} is a column name.} | ^ Flavors: r-devel-linux-x86_64-debian-clang, r-devel-linux-x86_64-debian-gcc, r-devel-linux-x86_64-fedora-clang, r-devel-linux-x86_64-fedora-gcc, r-devel-windows-x86_64, r-patched-linux-x86_64, r-release-linux-x86_64, r-release-macos-arm64, r-release-macos-x86_64, r-release-windows-x86_64