CRAN Package Check Results for Package rrlda

Last updated on 2019-05-20 05:48:34 CEST.

Flavor Version Tinstall Tcheck Ttotal Status Flags
r-devel-linux-x86_64-debian-clang 1.1 15.16 98.30 113.46 NOTE
r-devel-linux-x86_64-debian-gcc 1.1 12.38 77.56 89.94 NOTE
r-devel-linux-x86_64-fedora-clang 1.1 138.13 NOTE
r-devel-linux-x86_64-fedora-gcc 1.1 147.41 NOTE
r-devel-windows-ix86+x86_64 1.1 57.00 166.00 223.00 NOTE
r-patched-linux-x86_64 1.1 15.72 97.30 113.02 NOTE
r-patched-solaris-x86 1.1 218.20 NOTE
r-release-linux-x86_64 1.1 14.27 96.84 111.11 NOTE
r-release-windows-ix86+x86_64 1.1 58.00 143.00 201.00 NOTE
r-release-osx-x86_64 1.1 NOTE
r-oldrel-windows-ix86+x86_64 1.1 24.00 99.00 123.00 NOTE
r-oldrel-osx-x86_64 1.1 NOTE

Check Details

Version: 1.1
Check: dependencies in R code
Result: NOTE
    Packages in Depends field not imported from:
     'glasso' 'matrixcalc' 'mvoutlier' 'pcaPP'
     These packages need to be imported from (in the NAMESPACE file)
     for when this namespace is loaded but not attached.
Flavors: r-devel-linux-x86_64-debian-clang, r-devel-linux-x86_64-debian-gcc, r-devel-linux-x86_64-fedora-clang, r-devel-linux-x86_64-fedora-gcc, r-devel-windows-ix86+x86_64, r-patched-linux-x86_64, r-patched-solaris-x86, r-release-linux-x86_64, r-release-windows-ix86+x86_64, r-release-osx-x86_64, r-oldrel-windows-ix86+x86_64, r-oldrel-osx-x86_64

Version: 1.1
Check: R code for possible problems
Result: NOTE
    rrest: no visible binding for global variable 'glasso'
    rrest: no visible global function definition for 'pcout'
    rrest: no visible global function definition for 'var'
    rrest: no visible global function definition for 'mahalanobis'
    rrlda : centerObservations: no visible global function definition for
     'l1median_NLM'
    rrlda : df.L2glasso: no visible global function definition for
     'duplication.matrix'
    rrlda : alt.df.L2glasso: no visible global function definition for
     'lower.triangle'
    Undefined global functions or variables:
     duplication.matrix glasso l1median_NLM lower.triangle mahalanobis
     pcout var
    Consider adding
     importFrom("stats", "mahalanobis", "var")
    to your NAMESPACE file.
Flavors: r-devel-linux-x86_64-debian-clang, r-devel-linux-x86_64-debian-gcc, r-devel-linux-x86_64-fedora-clang, r-devel-linux-x86_64-fedora-gcc, r-devel-windows-ix86+x86_64, r-patched-linux-x86_64, r-patched-solaris-x86, r-release-linux-x86_64, r-release-windows-ix86+x86_64, r-release-osx-x86_64, r-oldrel-windows-ix86+x86_64, r-oldrel-osx-x86_64