CRAN Package Check Results for Package rrlda

Last updated on 2019-07-16 05:48:30 CEST.

Flavor Version Tinstall Tcheck Ttotal Status Flags
r-devel-linux-x86_64-debian-clang 1.1 13.23 99.83 113.06 NOTE
r-devel-linux-x86_64-debian-gcc 1.1 10.93 78.76 89.69 NOTE
r-devel-linux-x86_64-fedora-clang 1.1 136.97 NOTE
r-devel-linux-x86_64-fedora-gcc 1.1 137.53 NOTE
r-devel-windows-ix86+x86_64 1.1 58.00 108.00 166.00 NOTE
r-patched-linux-x86_64 1.1 15.32 97.51 112.83 NOTE
r-patched-solaris-x86 1.1 213.70 NOTE
r-release-linux-x86_64 1.1 16.49 98.86 115.35 NOTE
r-release-windows-ix86+x86_64 1.1 38.00 167.00 205.00 NOTE
r-release-osx-x86_64 1.1 NOTE
r-oldrel-windows-ix86+x86_64 1.1 28.00 101.00 129.00 NOTE
r-oldrel-osx-x86_64 1.1 NOTE

Check Details

Version: 1.1
Check: dependencies in R code
Result: NOTE
    Packages in Depends field not imported from:
     'glasso' 'matrixcalc' 'mvoutlier' 'pcaPP'
     These packages need to be imported from (in the NAMESPACE file)
     for when this namespace is loaded but not attached.
Flavors: r-devel-linux-x86_64-debian-clang, r-devel-linux-x86_64-debian-gcc, r-devel-linux-x86_64-fedora-clang, r-devel-linux-x86_64-fedora-gcc, r-devel-windows-ix86+x86_64, r-patched-linux-x86_64, r-patched-solaris-x86, r-release-linux-x86_64, r-release-windows-ix86+x86_64, r-release-osx-x86_64, r-oldrel-windows-ix86+x86_64, r-oldrel-osx-x86_64

Version: 1.1
Check: R code for possible problems
Result: NOTE
    rrest: no visible binding for global variable 'glasso'
    rrest: no visible global function definition for 'pcout'
    rrest: no visible global function definition for 'var'
    rrest: no visible global function definition for 'mahalanobis'
    rrlda : centerObservations: no visible global function definition for
     'l1median_NLM'
    rrlda : df.L2glasso: no visible global function definition for
     'duplication.matrix'
    rrlda : alt.df.L2glasso: no visible global function definition for
     'lower.triangle'
    Undefined global functions or variables:
     duplication.matrix glasso l1median_NLM lower.triangle mahalanobis
     pcout var
    Consider adding
     importFrom("stats", "mahalanobis", "var")
    to your NAMESPACE file.
Flavors: r-devel-linux-x86_64-debian-clang, r-devel-linux-x86_64-debian-gcc, r-devel-linux-x86_64-fedora-clang, r-devel-linux-x86_64-fedora-gcc, r-devel-windows-ix86+x86_64, r-patched-linux-x86_64, r-patched-solaris-x86, r-release-linux-x86_64, r-release-windows-ix86+x86_64, r-release-osx-x86_64, r-oldrel-windows-ix86+x86_64, r-oldrel-osx-x86_64