CRAN Package Check Results for Package rsatscan

Last updated on 2019-06-25 05:49:02 CEST.

Flavor Version Tinstall Tcheck Ttotal Status Flags
r-devel-linux-x86_64-debian-clang 0.3.9200 1.88 25.14 27.02 NOTE
r-devel-linux-x86_64-debian-gcc 0.3.9200 1.78 20.23 22.01 NOTE
r-devel-linux-x86_64-fedora-clang 0.3.9200 34.04 NOTE
r-devel-linux-x86_64-fedora-gcc 0.3.9200 32.50 NOTE
r-devel-windows-ix86+x86_64 0.3.9200 7.00 38.00 45.00 NOTE
r-patched-linux-x86_64 0.3.9200 1.87 25.02 26.89 NOTE
r-patched-solaris-x86 0.3.9200 51.50 NOTE
r-release-linux-x86_64 0.3.9200 1.84 25.15 26.99 NOTE
r-release-windows-ix86+x86_64 0.3.9200 5.00 55.00 60.00 NOTE
r-release-osx-x86_64 0.3.9200 NOTE
r-oldrel-windows-ix86+x86_64 0.3.9200 4.00 32.00 36.00 NOTE
r-oldrel-osx-x86_64 0.3.9200 NOTE

Check Details

Version: 0.3.9200
Check: R code for possible problems
Result: NOTE
    stripslash: no visible global function definition for 'tail'
    Undefined global functions or variables:
     tail
    Consider adding
     importFrom("utils", "tail")
    to your NAMESPACE file.
Flavors: r-devel-linux-x86_64-debian-clang, r-devel-linux-x86_64-debian-gcc, r-devel-linux-x86_64-fedora-clang, r-devel-linux-x86_64-fedora-gcc, r-devel-windows-ix86+x86_64, r-patched-linux-x86_64, r-patched-solaris-x86, r-release-linux-x86_64, r-release-windows-ix86+x86_64, r-release-osx-x86_64, r-oldrel-windows-ix86+x86_64, r-oldrel-osx-x86_64