CRAN Package Check Results for Package rsatscan

Last updated on 2019-09-20 05:47:05 CEST.

Flavor Version Tinstall Tcheck Ttotal Status Flags
r-devel-linux-x86_64-debian-clang 0.3.9200 2.44 24.02 26.46 NOTE
r-devel-linux-x86_64-debian-gcc 0.3.9200 1.91 19.86 21.77 NOTE
r-devel-linux-x86_64-fedora-clang 0.3.9200 34.19 NOTE
r-devel-linux-x86_64-fedora-gcc 0.3.9200 32.88 NOTE
r-devel-windows-ix86+x86_64 0.3.9200 9.00 37.00 46.00 NOTE
r-patched-linux-x86_64 0.3.9200 1.96 24.19 26.15 NOTE
r-patched-solaris-x86 0.3.9200 48.40 NOTE
r-release-linux-x86_64 0.3.9200 1.99 24.14 26.13 NOTE
r-release-windows-ix86+x86_64 0.3.9200 6.00 50.00 56.00 NOTE
r-release-osx-x86_64 0.3.9200 NOTE
r-oldrel-windows-ix86+x86_64 0.3.9200 4.00 40.00 44.00 NOTE
r-oldrel-osx-x86_64 0.3.9200 NOTE

Check Details

Version: 0.3.9200
Check: R code for possible problems
Result: NOTE
    stripslash: no visible global function definition for 'tail'
    Undefined global functions or variables:
     tail
    Consider adding
     importFrom("utils", "tail")
    to your NAMESPACE file.
Flavors: r-devel-linux-x86_64-debian-clang, r-devel-linux-x86_64-debian-gcc, r-devel-linux-x86_64-fedora-clang, r-devel-linux-x86_64-fedora-gcc, r-devel-windows-ix86+x86_64, r-patched-linux-x86_64, r-patched-solaris-x86, r-release-linux-x86_64, r-release-windows-ix86+x86_64, r-release-osx-x86_64, r-oldrel-windows-ix86+x86_64, r-oldrel-osx-x86_64