CRAN Package Check Results for Package rsi

Last updated on 2024-06-13 06:58:17 CEST.

Flavor Version Tinstall Tcheck Ttotal Status Flags
r-devel-linux-x86_64-debian-clang 0.2.0 5.13 91.90 97.03 OK
r-devel-linux-x86_64-debian-gcc 0.2.0 0.45 1.85 2.30 ERROR
r-devel-linux-x86_64-fedora-clang 0.2.0 119.40 NOTE
r-devel-linux-x86_64-fedora-gcc 0.2.0 126.49 OK
r-devel-windows-x86_64 0.2.0 6.00 80.00 86.00 OK
r-patched-linux-x86_64 0.2.0 5.53 90.07 95.60 OK
r-release-linux-x86_64 0.2.0 4.52 86.84 91.36 OK
r-release-macos-arm64 0.2.0 35.00 OK
r-release-macos-x86_64 0.2.0 61.00 OK
r-release-windows-x86_64 0.2.0 6.00 84.00 90.00 OK
r-oldrel-macos-arm64 0.2.0 43.00 OK
r-oldrel-macos-x86_64 0.2.0 93.00 OK
r-oldrel-windows-x86_64 0.2.0 8.00 94.00 102.00 OK

Check Details

Version: 0.2.0
Check: package dependencies
Result: ERROR Package required but not available: ‘tibble’ Package suggested but not available for checking: ‘testthat’ See section ‘The DESCRIPTION file’ in the ‘Writing R Extensions’ manual. Flavor: r-devel-linux-x86_64-debian-gcc

Version: 0.2.0
Check: Rd cross-references
Result: NOTE Undeclared package ‘future’ in Rd xrefs Flavor: r-devel-linux-x86_64-fedora-clang