CRAN Package Check Results for Package rsq

Last updated on 2024-06-13 06:58:17 CEST.

Flavor Version Tinstall Tcheck Ttotal Status Flags
r-devel-linux-x86_64-debian-clang 2.6 10.82 86.52 97.34 OK
r-devel-linux-x86_64-debian-gcc 2.6 0.35 1.55 1.90 ERROR
r-devel-linux-x86_64-fedora-clang 2.6 120.24 OK
r-devel-linux-x86_64-fedora-gcc 2.6 112.40 OK
r-devel-windows-x86_64 2.6 9.00 81.00 90.00 OK
r-patched-linux-x86_64 2.6 14.38 82.86 97.24 OK
r-release-linux-x86_64 2.6 9.31 83.46 92.77 OK
r-release-macos-arm64 2.6 37.00 OK
r-release-macos-x86_64 2.6 53.00 OK
r-release-windows-x86_64 2.6 9.00 82.00 91.00 OK
r-oldrel-macos-arm64 2.6 41.00 OK
r-oldrel-macos-x86_64 2.6 86.00 OK
r-oldrel-windows-x86_64 2.6 11.00 94.00 105.00 OK

Check Details

Version: 2.6
Check: package dependencies
Result: ERROR Package required but not available: ‘lme4’ See section ‘The DESCRIPTION file’ in the ‘Writing R Extensions’ manual. Flavor: r-devel-linux-x86_64-debian-gcc