Last updated on 2021-01-15 05:49:04 CET.
Flavor | Version | Tinstall | Tcheck | Ttotal | Status | Flags |
---|---|---|---|---|---|---|
r-devel-linux-x86_64-debian-clang | 2.1.1 | 3.09 | 39.35 | 42.44 | OK | |
r-devel-linux-x86_64-debian-gcc | 2.1.1 | 2.32 | 30.56 | 32.88 | OK | |
r-devel-linux-x86_64-fedora-clang | 2.1.1 | 59.66 | NOTE | |||
r-devel-linux-x86_64-fedora-gcc | 2.1.1 | 50.07 | NOTE | |||
r-devel-windows-ix86+x86_64 | 2.1.1 | 7.00 | 13.00 | 20.00 | ERROR | |
r-patched-linux-x86_64 | 2.1.1 | 2.36 | 37.68 | 40.04 | OK | |
r-patched-solaris-x86 | 2.1.1 | 76.40 | NOTE | |||
r-release-linux-x86_64 | 2.1.1 | 2.99 | 38.30 | 41.29 | OK | |
r-release-macos-x86_64 | 2.1.1 | NOTE | ||||
r-release-windows-ix86+x86_64 | 2.1.1 | 6.00 | 50.00 | 56.00 | OK | |
r-oldrel-macos-x86_64 | 2.1.1 | NOTE | ||||
r-oldrel-windows-ix86+x86_64 | 2.1.1 | 4.00 | 45.00 | 49.00 | OK |
Version: 2.1.1
Check: dependencies in R code
Result: NOTE
Namespace in Imports field not imported from: ‘RcppParallel’
All declared Imports should be used.
Flavors: r-devel-linux-x86_64-fedora-clang, r-devel-linux-x86_64-fedora-gcc, r-patched-solaris-x86, r-release-macos-x86_64, r-oldrel-macos-x86_64
Version: 2.1.1
Check: whether package can be installed
Result: ERROR
*
Flavor: r-devel-windows-ix86+x86_64