CRAN Package Check Results for Package rsunlight

Last updated on 2019-07-15 05:48:31 CEST.

Flavor Version Tinstall Tcheck Ttotal Status Flags
r-devel-linux-x86_64-debian-clang 0.7.0 4.47 36.20 40.67 OK
r-devel-linux-x86_64-debian-gcc 0.7.0 3.61 28.60 32.21 OK
r-devel-linux-x86_64-fedora-clang 0.7.0 48.30 NOTE
r-devel-linux-x86_64-fedora-gcc 0.7.0 46.90 NOTE
r-devel-windows-ix86+x86_64 0.7.0 11.00 52.00 63.00 OK
r-patched-linux-x86_64 0.7.0 3.23 34.94 38.17 OK
r-patched-solaris-x86 0.7.0 75.50 NOTE
r-release-linux-x86_64 0.7.0 3.92 36.03 39.95 OK
r-release-windows-ix86+x86_64 0.7.0 9.00 72.00 81.00 OK
r-release-osx-x86_64 0.7.0 NOTE
r-oldrel-windows-ix86+x86_64 0.7.0 8.00 49.00 57.00 OK
r-oldrel-osx-x86_64 0.7.0 NOTE

Check Details

Version: 0.7.0
Check: dependencies in R code
Result: NOTE
    Namespace in Imports field not imported from: ‘stringr’
     All declared Imports should be used.
Flavors: r-devel-linux-x86_64-fedora-clang, r-devel-linux-x86_64-fedora-gcc, r-patched-solaris-x86, r-release-osx-x86_64, r-oldrel-osx-x86_64