CRAN Package Check Results for Package rsurfer

Last updated on 2019-08-18 05:46:24 CEST.

Flavor Version Tinstall Tcheck Ttotal Status Flags
r-devel-linux-x86_64-debian-clang 0.2 5.91 41.60 47.51 NOTE
r-devel-linux-x86_64-debian-gcc 0.2 4.48 32.83 37.31 NOTE
r-devel-linux-x86_64-fedora-gcc 0.2 58.69 OK
r-devel-windows-ix86+x86_64 0.2 15.00 62.00 77.00 NOTE
r-patched-linux-x86_64 0.2 5.15 42.18 47.33 OK
r-patched-solaris-x86 0.2 82.70 OK
r-release-linux-x86_64 0.2 5.33 42.83 48.16 OK
r-release-windows-ix86+x86_64 0.2 13.00 77.00 90.00 OK
r-release-osx-x86_64 0.2 OK
r-oldrel-windows-ix86+x86_64 0.2 8.00 71.00 79.00 OK
r-oldrel-osx-x86_64 0.2 OK

Check Details

Version: 0.2
Check: package vignettes
Result: NOTE
    Package vignette with placeholder title 'Vignette Title':
     'main-vignette.Rmd'
Flavors: r-devel-linux-x86_64-debian-clang, r-devel-linux-x86_64-debian-gcc, r-devel-windows-ix86+x86_64