CRAN Package Check Results for Package rtext

Last updated on 2022-07-05 05:53:01 CEST.

Flavor Version Tinstall Tcheck Ttotal Status Flags
r-devel-linux-x86_64-debian-clang 0.1.22 19.76 73.53 93.29 OK
r-devel-linux-x86_64-debian-gcc 0.1.22 18.10 58.14 76.24 OK
r-devel-linux-x86_64-fedora-clang 0.1.22 134.69 NOTE
r-devel-linux-x86_64-fedora-gcc 0.1.22 128.86 NOTE
r-devel-windows-x86_64 0.1.22 46.00 120.00 166.00 OK
r-patched-linux-x86_64 0.1.22 27.75 72.60 100.35 OK
r-release-linux-x86_64 0.1.22 21.64 72.08 93.72 OK
r-release-macos-arm64 0.1.22 40.00 NOTE
r-release-macos-x86_64 0.1.22 56.00 NOTE
r-release-windows-x86_64 0.1.22 38.00 121.00 159.00 OK
r-oldrel-macos-arm64 0.1.22 48.00 NOTE
r-oldrel-macos-x86_64 0.1.22 86.00 NOTE
r-oldrel-windows-ix86+x86_64 0.1.22 55.00 159.00 214.00 OK

Check Details

Version: 0.1.22
Check: dependencies in R code
Result: NOTE
    Namespaces in Imports field not imported from:
     ‘RSQLite’ ‘stats’
     All declared Imports should be used.
Flavors: r-devel-linux-x86_64-fedora-clang, r-devel-linux-x86_64-fedora-gcc, r-release-macos-arm64, r-release-macos-x86_64, r-oldrel-macos-arm64, r-oldrel-macos-x86_64

Version: 0.1.22
Check: data for non-ASCII characters
Result: NOTE
     Note: found 2 marked UTF-8 strings
Flavors: r-devel-linux-x86_64-fedora-clang, r-devel-linux-x86_64-fedora-gcc, r-release-macos-arm64, r-release-macos-x86_64, r-oldrel-macos-arm64, r-oldrel-macos-x86_64