CRAN Package Check Results for Package rticles

Last updated on 2020-04-09 05:48:50 CEST.

Flavor Version Tinstall Tcheck Ttotal Status Flags
r-devel-linux-x86_64-debian-clang 0.14 3.99 30.04 34.03 NOTE
r-devel-linux-x86_64-debian-gcc 0.14 3.15 23.83 26.98 NOTE
r-devel-linux-x86_64-fedora-clang 0.14 40.86 NOTE
r-devel-linux-x86_64-fedora-gcc 0.14 40.09 NOTE
r-devel-windows-ix86+x86_64 0.14 11.00 64.00 75.00 NOTE
r-devel-windows-ix86+x86_64-gcc8 0.14 9.00 43.00 52.00 NOTE
r-patched-linux-x86_64 0.14 3.54 29.47 33.01 NOTE
r-patched-solaris-x86 0.14 64.50 NOTE
r-release-linux-x86_64 0.14 3.32 27.69 31.01 NOTE
r-release-windows-ix86+x86_64 0.14 9.00 66.00 75.00 NOTE
r-release-osx-x86_64 0.14 NOTE
r-oldrel-windows-ix86+x86_64 0.14 12.00 41.00 53.00 NOTE
r-oldrel-osx-x86_64 0.14 NOTE

Check Details

Version: 0.14
Check: for GNU extensions in Makefiles
Result: NOTE
    GNU make is a SystemRequirements.
Flavors: r-devel-linux-x86_64-debian-clang, r-devel-linux-x86_64-debian-gcc, r-devel-linux-x86_64-fedora-clang, r-devel-linux-x86_64-fedora-gcc, r-devel-windows-ix86+x86_64, r-devel-windows-ix86+x86_64-gcc8, r-patched-linux-x86_64, r-patched-solaris-x86, r-release-linux-x86_64, r-release-windows-ix86+x86_64, r-release-osx-x86_64, r-oldrel-windows-ix86+x86_64, r-oldrel-osx-x86_64