CRAN Package Check Results for Package rticulate

Last updated on 2021-12-07 05:55:17 CET.

Flavor Version Tinstall Tcheck Ttotal Status Flags
r-devel-linux-x86_64-debian-clang 1.7.2 5.44 79.89 85.33 OK
r-devel-linux-x86_64-debian-gcc 1.7.2 4.90 61.10 66.00 OK
r-devel-linux-x86_64-fedora-clang 1.7.2 107.20 NOTE
r-devel-linux-x86_64-fedora-gcc 1.7.2 88.45 NOTE
r-devel-windows-x86_64-new-UL 1.7.2 14.00 141.00 155.00 OK
r-devel-windows-x86_64-new-TK 1.7.2 NOTE
r-devel-windows-x86_64-old 1.7.2 10.00 79.00 89.00 OK
r-patched-linux-x86_64 1.7.2 5.61 83.26 88.87 OK
r-release-linux-x86_64 1.7.2 4.71 83.25 87.96 OK
r-release-macos-arm64 1.7.2 NOTE
r-release-macos-x86_64 1.7.2 NOTE
r-release-windows-ix86+x86_64 1.7.2 11.00 95.00 106.00 OK
r-oldrel-macos-x86_64 1.7.2 NOTE
r-oldrel-windows-ix86+x86_64 1.7.2 13.00 107.00 120.00 OK

Check Details

Version: 1.7.2
Check: dependencies in R code
Result: NOTE
    Namespaces in Imports field not imported from:
     ‘stringr’ ‘tidyverse’
     All declared Imports should be used.
Flavors: r-devel-linux-x86_64-fedora-clang, r-devel-linux-x86_64-fedora-gcc, r-devel-windows-x86_64-new-TK, r-release-macos-arm64, r-release-macos-x86_64, r-oldrel-macos-x86_64