CRAN Package Check Results for Package rtsdata

Last updated on 2022-08-13 05:54:13 CEST.

Flavor Version Tinstall Tcheck Ttotal Status Flags
r-devel-linux-x86_64-debian-clang 0.1.3 2.96 30.44 33.40 OK
r-devel-linux-x86_64-debian-gcc 0.1.3 2.56 23.55 26.11 OK
r-devel-linux-x86_64-fedora-clang 0.1.3 51.58 NOTE
r-devel-linux-x86_64-fedora-gcc 0.1.3 50.70 NOTE
r-devel-windows-x86_64 0.1.3 11.00 55.00 66.00 OK
r-patched-linux-x86_64 0.1.3 3.42 29.28 32.70 OK
r-release-linux-x86_64 0.1.3 2.54 29.45 31.99 OK
r-release-macos-arm64 0.1.3 18.00 OK
r-release-macos-x86_64 0.1.3 24.00 OK
r-release-windows-x86_64 0.1.3 15.00 55.00 70.00 OK
r-oldrel-macos-arm64 0.1.3 18.00 OK
r-oldrel-macos-x86_64 0.1.3 26.00 OK
r-oldrel-windows-ix86+x86_64 0.1.3 7.00 53.00 60.00 OK

Check Details

Version: 0.1.3
Check: package dependencies
Result: NOTE
    Package suggested but not available for checking: ‘RQuantLib’
Flavors: r-devel-linux-x86_64-fedora-clang, r-devel-linux-x86_64-fedora-gcc