CRAN Package Check Results for Package rtypeform

Last updated on 2022-05-23 05:52:51 CEST.

Flavor Version Tinstall Tcheck Ttotal Status Flags
r-devel-linux-x86_64-debian-clang 2.1.0 8.19 72.48 80.67 NOTE
r-devel-linux-x86_64-debian-gcc 2.1.0 4.83 53.90 58.73 NOTE
r-devel-linux-x86_64-fedora-clang 2.1.0 95.83 NOTE
r-devel-linux-x86_64-fedora-gcc 2.1.0 79.21 NOTE
r-devel-windows-x86_64 2.1.0 28.00 89.00 117.00 NOTE
r-patched-linux-x86_64 2.1.0 7.66 67.83 75.49 NOTE
r-release-linux-x86_64 2.1.0 NOTE
r-release-macos-arm64 2.1.0 26.00 NOTE
r-release-macos-x86_64 2.1.0 47.00 NOTE
r-release-windows-x86_64 2.1.0 29.00 90.00 119.00 NOTE
r-oldrel-macos-arm64 2.1.0 30.00 NOTE
r-oldrel-macos-x86_64 2.1.0 50.00 NOTE
r-oldrel-windows-ix86+x86_64 2.1.0 17.00 78.00 95.00 NOTE

Check Details

Version: 2.1.0
Check: LazyData
Result: NOTE
     'LazyData' is specified without a 'data' directory
Flavors: r-devel-linux-x86_64-debian-clang, r-devel-linux-x86_64-debian-gcc, r-devel-linux-x86_64-fedora-clang, r-devel-linux-x86_64-fedora-gcc, r-devel-windows-x86_64, r-patched-linux-x86_64, r-release-linux-x86_64, r-release-macos-arm64, r-release-macos-x86_64, r-release-windows-x86_64, r-oldrel-macos-arm64, r-oldrel-macos-x86_64, r-oldrel-windows-ix86+x86_64