CRAN Package Check Results for Package rubias

Last updated on 2021-10-15 05:54:03 CEST.

Flavor Version Tinstall Tcheck Ttotal Status Flags
r-devel-linux-x86_64-debian-clang 0.3.2 88.42 199.85 288.27 NOTE
r-devel-linux-x86_64-debian-gcc 0.3.2 69.50 150.76 220.26 NOTE
r-devel-linux-x86_64-fedora-clang 0.3.2 404.70 NOTE
r-devel-linux-x86_64-fedora-gcc 0.3.2 369.07 NOTE
r-devel-windows-x86_64 0.3.2 122.00 211.00 333.00 NOTE
r-devel-windows-x86_64-gcc10-UCRT 0.3.2 NOTE
r-patched-linux-x86_64 0.3.2 80.06 199.33 279.39 NOTE
r-patched-solaris-x86 0.3.2 473.10 NOTE
r-release-linux-x86_64 0.3.2 79.61 199.74 279.35 NOTE
r-release-macos-arm64 0.3.2 NOTE
r-release-macos-x86_64 0.3.2 NOTE
r-release-windows-ix86+x86_64 0.3.2 240.00 303.00 543.00 NOTE
r-oldrel-macos-x86_64 0.3.2 NOTE
r-oldrel-windows-ix86+x86_64 0.3.2 240.00 303.00 543.00 NOTE

Check Details

Version: 0.3.2
Check: for GNU extensions in Makefiles
Result: NOTE
    GNU make is a SystemRequirements.
Flavors: r-devel-linux-x86_64-debian-clang, r-devel-linux-x86_64-debian-gcc, r-devel-linux-x86_64-fedora-clang, r-devel-linux-x86_64-fedora-gcc, r-devel-windows-x86_64, r-devel-windows-x86_64-gcc10-UCRT, r-patched-linux-x86_64, r-patched-solaris-x86, r-release-linux-x86_64, r-release-macos-arm64, r-release-macos-x86_64, r-release-windows-ix86+x86_64, r-oldrel-macos-x86_64, r-oldrel-windows-ix86+x86_64

Version: 0.3.2
Check: installed package size
Result: NOTE
     installed size is 5.2Mb
     sub-directories of 1Mb or more:
     libs 3.5Mb
Flavor: r-release-macos-arm64