Last updated on 2021-01-22 05:50:40 CET.
Flavor | Version | Tinstall | Tcheck | Ttotal | Status | Flags |
---|---|---|---|---|---|---|
r-devel-linux-x86_64-debian-clang | 0.5.5.1.1 | 158.86 | 70.89 | 229.75 | OK | |
r-devel-linux-x86_64-debian-gcc | 0.5.5.1.1 | 125.49 | 54.45 | 179.94 | OK | |
r-devel-linux-x86_64-fedora-clang | 0.5.5.1.1 | 312.54 | NOTE | |||
r-devel-linux-x86_64-fedora-gcc | 0.5.5.1.1 | 305.34 | OK | |||
r-devel-windows-ix86+x86_64 | 0.5.5.1.1 | 320.00 | 136.00 | 456.00 | NOTE | |
r-patched-linux-x86_64 | 0.5.5.1.1 | 149.10 | 69.99 | 219.09 | OK | |
r-patched-solaris-x86 | 0.5.5.1.1 | 293.10 | NOTE | |||
r-release-linux-x86_64 | 0.5.5.1.1 | 152.71 | 69.92 | 222.63 | OK | |
r-release-macos-x86_64 | 0.5.5.1.1 | NOTE | ||||
r-release-windows-ix86+x86_64 | 0.5.5.1.1 | 237.00 | 169.00 | 406.00 | NOTE | |
r-oldrel-macos-x86_64 | 0.5.5.1.1 | NOTE | ||||
r-oldrel-windows-ix86+x86_64 | 0.5.5.1.1 | 234.00 | 130.00 | 364.00 | NOTE |
Version: 0.5.5.1.1
Check: installed package size
Result: NOTE
installed size is 56.9Mb
sub-directories of 1Mb or more:
include 4.0Mb
libs 52.6Mb
Flavors: r-devel-linux-x86_64-fedora-clang, r-devel-windows-ix86+x86_64, r-patched-solaris-x86, r-release-macos-x86_64, r-release-windows-ix86+x86_64, r-oldrel-macos-x86_64, r-oldrel-windows-ix86+x86_64