CRAN Package Check Results for Package rwc

Last updated on 2019-03-23 05:48:16 CET.

Flavor Version Tinstall Tcheck Ttotal Status Flags
r-devel-linux-x86_64-debian-clang 1.11 11.78 91.60 103.38 OK
r-devel-linux-x86_64-debian-gcc 1.11 9.78 73.56 83.34 OK
r-devel-linux-x86_64-fedora-clang 1.11 126.20 OK
r-devel-linux-x86_64-fedora-gcc 1.11 119.17 OK
r-devel-windows-ix86+x86_64 1.11 26.00 100.00 126.00 OK
r-patched-linux-x86_64 1.11 7.52 89.48 97.00 OK
r-patched-solaris-x86 1.11 177.40 OK
r-release-linux-x86_64 1.11 0.25 1.87 2.12 ERROR
r-release-windows-ix86+x86_64 1.11 13.00 97.00 110.00 OK
r-release-osx-x86_64 1.11 OK
r-oldrel-windows-ix86+x86_64 1.11 18.00 126.00 144.00 OK
r-oldrel-osx-x86_64 1.11 OK

Check Details

Version: 1.11
Check: whether package can be installed
Result: ERROR
    Installation failed.
Flavor: r-release-linux-x86_64