CRAN Package Check Results for Package sGMRFmix

Last updated on 2024-06-13 06:58:18 CEST.

Flavor Version Tinstall Tcheck Ttotal Status Flags
r-devel-linux-x86_64-debian-clang 0.3.0 7.73 633.80 641.53 NOTE
r-devel-linux-x86_64-debian-gcc 0.3.0 0.46 1.68 2.14 ERROR
r-devel-linux-x86_64-fedora-clang 0.3.0 732.32 NOTE
r-devel-linux-x86_64-fedora-gcc 0.3.0 729.49 NOTE
r-devel-windows-x86_64 0.3.0 7.00 349.00 356.00 NOTE
r-patched-linux-x86_64 0.3.0 6.34 586.97 593.31 NOTE
r-release-linux-x86_64 0.3.0 4.41 579.09 583.50 NOTE
r-release-macos-arm64 0.3.0 156.00 NOTE
r-release-macos-x86_64 0.3.0 256.00 NOTE
r-release-windows-x86_64 0.3.0 10.00 354.00 364.00 NOTE
r-oldrel-macos-arm64 0.3.0 183.00 NOTE
r-oldrel-macos-x86_64 0.3.0 316.00 NOTE
r-oldrel-windows-x86_64 0.3.0 8.00 450.00 458.00 NOTE

Check Details

Version: 0.3.0
Check: LazyData
Result: NOTE 'LazyData' is specified without a 'data' directory Flavors: r-devel-linux-x86_64-debian-clang, r-devel-linux-x86_64-fedora-clang, r-devel-linux-x86_64-fedora-gcc, r-devel-windows-x86_64, r-patched-linux-x86_64, r-release-linux-x86_64, r-release-macos-arm64, r-release-macos-x86_64, r-release-windows-x86_64, r-oldrel-macos-arm64, r-oldrel-macos-x86_64, r-oldrel-windows-x86_64

Version: 0.3.0
Check: package dependencies
Result: ERROR Packages required but not available: 'ggplot2', 'tidyr' Packages suggested but not available for checking: 'dplyr', 'testthat' See section ‘The DESCRIPTION file’ in the ‘Writing R Extensions’ manual. Flavor: r-devel-linux-x86_64-debian-gcc