CRAN Package Check Results for Package sambia

Last updated on 2024-06-22 06:51:00 CEST.

Flavor Version Tinstall Tcheck Ttotal Status Flags
r-devel-linux-x86_64-debian-clang 0.1.0 7.61 102.19 109.80 NOTE
r-devel-linux-x86_64-debian-gcc 0.1.0 8.97 75.81 84.78 NOTE
r-devel-linux-x86_64-fedora-clang 0.1.0 135.92 NOTE
r-devel-linux-x86_64-fedora-gcc 0.1.0 131.81 NOTE
r-devel-windows-x86_64 0.1.0 9.00 85.00 94.00 NOTE
r-patched-linux-x86_64 0.1.0 9.07 94.95 104.02 NOTE
r-release-linux-x86_64 0.1.0 7.06 96.84 103.90 NOTE
r-release-macos-arm64 0.1.0 39.00 NOTE
r-release-macos-x86_64 0.1.0 60.00 NOTE
r-release-windows-x86_64 0.1.0 10.00 87.00 97.00 NOTE
r-oldrel-macos-arm64 0.1.0 42.00 NOTE
r-oldrel-macos-x86_64 0.1.0 72.00 NOTE
r-oldrel-windows-x86_64 0.1.0 13.00 102.00 115.00 NOTE

Check Details

Version: 0.1.0
Check: LazyData
Result: NOTE 'LazyData' is specified without a 'data' directory Flavors: r-devel-linux-x86_64-debian-clang, r-devel-linux-x86_64-debian-gcc, r-devel-linux-x86_64-fedora-clang, r-devel-linux-x86_64-fedora-gcc, r-devel-windows-x86_64, r-patched-linux-x86_64, r-release-linux-x86_64, r-release-macos-arm64, r-release-macos-x86_64, r-release-windows-x86_64, r-oldrel-macos-arm64, r-oldrel-macos-x86_64, r-oldrel-windows-x86_64