CRAN Package Check Results for Package samc

Last updated on 2020-06-04 05:49:14 CEST.

Flavor Version Tinstall Tcheck Ttotal Status Flags
r-devel-linux-x86_64-debian-clang 1.1.0 120.29 214.42 334.71 OK
r-devel-linux-x86_64-debian-gcc 1.1.0 110.61 168.06 278.67 OK
r-devel-linux-x86_64-fedora-clang 1.1.0 462.74 NOTE
r-devel-linux-x86_64-fedora-gcc 1.1.0 439.47 NOTE
r-devel-windows-ix86+x86_64 1.1.0 283.00 353.00 636.00 NOTE
r-patched-linux-x86_64 1.1.0 118.56 215.53 334.09 OK
r-patched-solaris-x86 1.1.0 445.80 NOTE
r-release-linux-x86_64 1.1.0 113.43 216.30 329.73 OK
r-release-osx-x86_64 1.1.0 NOTE
r-release-windows-ix86+x86_64 1.1.0 193.00 250.00 443.00 NOTE
r-oldrel-osx-x86_64 1.1.0 NOTE
r-oldrel-windows-ix86+x86_64 1.1.0 246.00 241.00 487.00 NOTE

Check Details

Version: 1.1.0
Check: installed package size
Result: NOTE
     installed size is 17.1Mb
     sub-directories of 1Mb or more:
     doc 2.9Mb
     libs 13.6Mb
Flavors: r-devel-linux-x86_64-fedora-clang, r-devel-windows-ix86+x86_64, r-release-osx-x86_64, r-release-windows-ix86+x86_64, r-oldrel-osx-x86_64, r-oldrel-windows-ix86+x86_64

Version: 1.1.0
Check: dependencies in R code
Result: NOTE
    Namespaces in Imports field not imported from:
     ‘gdistance’ ‘methods’
     All declared Imports should be used.
Flavors: r-devel-linux-x86_64-fedora-clang, r-devel-linux-x86_64-fedora-gcc, r-patched-solaris-x86, r-release-osx-x86_64, r-oldrel-osx-x86_64

Version: 1.1.0
Check: package dependencies
Result: NOTE
    Package suggested but not available for checking: ‘gifski’
Flavor: r-patched-solaris-x86