CRAN Package Check Results for Package samc

Last updated on 2019-10-23 05:46:40 CEST.

Flavor Version Tinstall Tcheck Ttotal Status Flags
r-devel-linux-x86_64-debian-clang 1.0.3 123.91 203.83 327.74 OK
r-devel-linux-x86_64-debian-gcc 1.0.3 101.98 165.06 267.04 OK
r-devel-linux-x86_64-fedora-clang 1.0.3 414.96 NOTE
r-devel-linux-x86_64-fedora-gcc 1.0.3 445.92 NOTE
r-devel-windows-ix86+x86_64 1.0.3 167.00 332.00 499.00 OK
r-patched-linux-x86_64 1.0.3 106.31 202.06 308.37 OK
r-patched-solaris-x86 1.0.3 415.70 WARN
r-release-linux-x86_64 1.0.3 111.51 205.14 316.65 OK
r-release-windows-ix86+x86_64 1.0.3 241.00 254.00 495.00 OK
r-release-osx-x86_64 1.0.3 NOTE
r-oldrel-windows-ix86+x86_64 1.0.3 225.00 416.00 641.00 OK
r-oldrel-osx-x86_64 1.0.3 NOTE

Check Details

Version: 1.0.3
Check: installed package size
Result: NOTE
     installed size is 15.6Mb
     sub-directories of 1Mb or more:
     doc 2.4Mb
     libs 12.4Mb
Flavors: r-devel-linux-x86_64-fedora-clang, r-release-osx-x86_64, r-oldrel-osx-x86_64

Version: 1.0.3
Check: dependencies in R code
Result: NOTE
    Namespaces in Imports field not imported from:
     ‘gdistance’ ‘methods’
     All declared Imports should be used.
Flavors: r-devel-linux-x86_64-fedora-clang, r-devel-linux-x86_64-fedora-gcc, r-patched-solaris-x86, r-release-osx-x86_64, r-oldrel-osx-x86_64

Version: 1.0.3
Check: package dependencies
Result: NOTE
    Package suggested but not available for checking: ‘gifski’
Flavor: r-patched-solaris-x86

Version: 1.0.3
Check: re-building of vignette outputs
Result: WARN
    Error(s) in re-building vignettes:
     ...
    --- re-building ‘overview.Rmd’ using rmarkdown
    Warning in engine$weave(file, quiet = quiet, encoding = enc) :
     Pandoc (>= 1.12.3) and/or pandoc-citeproc not available. Falling back to R Markdown v1.
    --- finished re-building ‘overview.Rmd’
    
    --- re-building ‘performance.Rmd’ using rmarkdown
    Warning in engine$weave(file, quiet = quiet, encoding = enc) :
     Pandoc (>= 1.12.3) and/or pandoc-citeproc not available. Falling back to R Markdown v1.
    --- finished re-building ‘performance.Rmd’
    
    --- re-building ‘troubleshooting.Rmd’ using rmarkdown
    Warning in engine$weave(file, quiet = quiet, encoding = enc) :
     Pandoc (>= 1.12.3) and/or pandoc-citeproc not available. Falling back to R Markdown v1.
    --- finished re-building ‘troubleshooting.Rmd’
    
    --- re-building ‘tutorial-animations.Rmd’ using rmarkdown
    Warning in engine$weave(file, quiet = quiet, encoding = enc) :
     Pandoc (>= 1.12.3) and/or pandoc-citeproc not available. Falling back to R Markdown v1.
    Loading required package: sp
    Loading required package: viridisLite
    Quitting from lines 27-62 (tutorial-animations.Rmd)
    Error: processing vignette 'tutorial-animations.Rmd' failed with diagnostics:
    there is no package called 'gifski'
    --- failed re-building ‘tutorial-animations.Rmd’
    
    --- re-building ‘tutorial-basic.Rmd’ using rmarkdown
    Warning in engine$weave(file, quiet = quiet, encoding = enc) :
     Pandoc (>= 1.12.3) and/or pandoc-citeproc not available. Falling back to R Markdown v1.
    Loading required package: sp
    Loading required package: viridisLite
    --- finished re-building ‘tutorial-basic.Rmd’
    
    --- re-building ‘tutorial-ggplot.Rmd’ using rmarkdown
    Warning in engine$weave(file, quiet = quiet, encoding = enc) :
     Pandoc (>= 1.12.3) and/or pandoc-citeproc not available. Falling back to R Markdown v1.
    Loading required package: sp
    Loading required package: viridisLite
    --- finished re-building ‘tutorial-ggplot.Rmd’
    
    --- re-building ‘tutorial-temporal.Rmd’ using rmarkdown
    Warning in engine$weave(file, quiet = quiet, encoding = enc) :
     Pandoc (>= 1.12.3) and/or pandoc-citeproc not available. Falling back to R Markdown v1.
    Loading required package: sp
    Loading required package: viridisLite
    --- finished re-building ‘tutorial-temporal.Rmd’
    
    SUMMARY: processing the following file failed:
     ‘tutorial-animations.Rmd’
    
    Error: Vignette re-building failed.
    Execution halted
Flavor: r-patched-solaris-x86