Last updated on 2022-08-09 05:55:54 CEST.
Flavor | Version | Tinstall | Tcheck | Ttotal | Status | Flags |
---|---|---|---|---|---|---|
r-devel-linux-x86_64-debian-clang | 0.1.0 | 86.53 | 128.12 | 214.65 | OK | |
r-devel-linux-x86_64-debian-gcc | 0.1.0 | 70.64 | 96.11 | 166.75 | OK | |
r-devel-linux-x86_64-fedora-clang | 0.1.0 | 290.95 | NOTE | |||
r-devel-linux-x86_64-fedora-gcc | 0.1.0 | 274.43 | OK | |||
r-devel-windows-x86_64 | 0.1.0 | 142.00 | 201.00 | 343.00 | NOTE | |
r-patched-linux-x86_64 | 0.1.0 | 72.94 | 124.73 | 197.67 | OK | |
r-release-linux-x86_64 | 0.1.0 | OK | ||||
r-release-macos-arm64 | 0.1.0 | 73.00 | NOTE | |||
r-release-macos-x86_64 | 0.1.0 | 101.00 | NOTE | |||
r-release-windows-x86_64 | 0.1.0 | 136.00 | 196.00 | 332.00 | NOTE | |
r-oldrel-macos-arm64 | 0.1.0 | 74.00 | NOTE | |||
r-oldrel-macos-x86_64 | 0.1.0 | 155.00 | NOTE | |||
r-oldrel-windows-ix86+x86_64 | 0.1.0 | 212.00 | 241.00 | 453.00 | NOTE |
Version: 0.1.0
Check: installed package size
Result: NOTE
installed size is 8.9Mb
sub-directories of 1Mb or more:
doc 2.3Mb
help 3.4Mb
libs 2.7Mb
Flavors: r-devel-linux-x86_64-fedora-clang, r-devel-windows-x86_64, r-release-macos-arm64, r-release-macos-x86_64, r-release-windows-x86_64, r-oldrel-macos-arm64, r-oldrel-macos-x86_64, r-oldrel-windows-ix86+x86_64