CRAN Package Check Results for Package sand

Last updated on 2019-11-17 05:47:23 CET.

Flavor Version Tinstall Tcheck Ttotal Status Flags
r-devel-linux-x86_64-debian-clang 1.0.3 2.60 24.97 27.57 NOTE
r-devel-linux-x86_64-debian-gcc 1.0.3 2.07 19.88 21.95 NOTE
r-devel-linux-x86_64-fedora-clang 1.0.3 32.83 NOTE
r-devel-linux-x86_64-fedora-gcc 1.0.3 33.87 NOTE
r-devel-windows-ix86+x86_64 1.0.3 10.00 47.00 57.00 OK
r-patched-linux-x86_64 1.0.3 2.25 23.97 26.22 NOTE
r-patched-solaris-x86 1.0.3 54.30 NOTE
r-release-linux-x86_64 1.0.3 2.13 23.61 25.74 NOTE
r-release-windows-ix86+x86_64 1.0.3 5.00 55.00 60.00 OK
r-release-osx-x86_64 1.0.3 NOTE
r-oldrel-windows-ix86+x86_64 1.0.3 3.00 53.00 56.00 OK
r-oldrel-osx-x86_64 1.0.3 NOTE

Check Details

Version: 1.0.3
Check: package dependencies
Result: NOTE
    Package suggested but not available for checking: 'mixer'
Flavors: r-devel-linux-x86_64-debian-clang, r-devel-linux-x86_64-debian-gcc, r-devel-linux-x86_64-fedora-clang, r-devel-linux-x86_64-fedora-gcc, r-patched-linux-x86_64, r-patched-solaris-x86, r-release-linux-x86_64

Version: 1.0.3
Check: data for non-ASCII characters
Result: NOTE
     Note: found 6 marked UTF-8 strings
Flavors: r-devel-linux-x86_64-fedora-clang, r-devel-linux-x86_64-fedora-gcc, r-patched-solaris-x86, r-release-osx-x86_64, r-oldrel-osx-x86_64

Version: 1.0.3
Check: package dependencies
Result: NOTE
    Packages suggested but not available for checking:
     'GO.db', 'GOstats', 'mixer', 'org.Sc.sgd.db'
Flavor: r-release-osx-x86_64

Version: 1.0.3
Check: package dependencies
Result: NOTE
    Packages suggested but not available for checking:
     ‘mixer’ ‘networkTomography’ ‘org.Sc.sgd.db’
Flavor: r-oldrel-osx-x86_64