CRAN Package Check Results for Package sarima

Last updated on 2022-01-23 05:58:04 CET.

Flavor Version Tinstall Tcheck Ttotal Status Flags
r-devel-linux-x86_64-debian-clang 0.8.5 81.04 321.60 402.64 OK
r-devel-linux-x86_64-debian-gcc 0.8.5 64.03 245.24 309.27 OK
r-devel-linux-x86_64-fedora-clang 0.8.6 479.76 OK
r-devel-linux-x86_64-fedora-gcc 0.8.6 489.13 OK
r-devel-windows-x86_64-new-UL 0.8.5 127.00 379.00 506.00 OK
r-devel-windows-x86_64-new-TK 0.8.5 OK
r-patched-linux-x86_64 0.8.5 69.37 326.03 395.40 OK
r-release-linux-x86_64 0.8.5 77.79 324.73 402.52 OK
r-release-macos-arm64 0.8.5 NOTE
r-release-macos-x86_64 0.8.5 OK
r-release-windows-ix86+x86_64 0.8.5 183.00 653.00 836.00 OK
r-oldrel-macos-x86_64 0.8.5 OK
r-oldrel-windows-ix86+x86_64 0.8.5 183.00 653.00 836.00 OK

Check Details

Version: 0.8.5
Check: installed package size
Result: NOTE
     installed size is 5.1Mb
     sub-directories of 1Mb or more:
     libs 3.8Mb
Flavor: r-release-macos-arm64